{"id":17,"date":"2016-11-17T17:09:04","date_gmt":"2016-11-17T17:09:04","guid":{"rendered":"http:\/\/gender-ict.net\/jovenesSTEM\/?page_id=17"},"modified":"2025-01-24T13:00:43","modified_gmt":"2025-01-24T13:00:43","slug":"resultados","status":"publish","type":"page","link":"https:\/\/gender-ict.net\/jovenesSTEM\/resultados\/","title":{"rendered":"RESULTADOS"},"content":{"rendered":"\n<figure class=\"wp-block-image alignleft\"><img loading=\"lazy\" decoding=\"async\" width=\"300\" height=\"74\" src=\"http:\/\/gender-ict.net\/jovenesSTEM\/wp-content\/uploads\/sites\/45\/2016\/11\/resultados-2-300x74.jpg\" alt=\"resultados-2\" class=\"wp-image-110\" srcset=\"https:\/\/gender-ict.net\/jovenesSTEM\/wp-content\/uploads\/sites\/45\/2016\/11\/resultados-2-300x74.jpg 300w, https:\/\/gender-ict.net\/jovenesSTEM\/wp-content\/uploads\/sites\/45\/2016\/11\/resultados-2-768x190.jpg 768w, https:\/\/gender-ict.net\/jovenesSTEM\/wp-content\/uploads\/sites\/45\/2016\/11\/resultados-2-1024x253.jpg 1024w, https:\/\/gender-ict.net\/jovenesSTEM\/wp-content\/uploads\/sites\/45\/2016\/11\/resultados-2.jpg 1100w\" sizes=\"auto, (max-width: 300px) 100vw, 300px\" \/><\/figure>\n\n\n\n<div style=\"height:14px\" aria-hidden=\"true\" class=\"wp-block-spacer\"><\/div>\n\n\n\n<h4 class=\"wp-block-heading\" style=\"font-size:30px\">LIBROS<\/h4>\n\n\n\n<p><a href=\"https:\/\/www.fundaciontelefonica.com\/\" target=\"_blank\" rel=\"noopener noreferrer\">Fundaci\u00f3n Telef\u00f3nica<\/a>&nbsp;y <a href=\"https:\/\/www.planetadelibros.com\/libro-se-buscan-ingenieras-fisicas-y-tecnologas-stem\/255962\" target=\"_blank\" rel=\"noopener noreferrer\">editorial Ariel<\/a> han publicado el libro <em>\u00bfPor qu\u00e9 no hay m\u00e1s mujeres STEM? Se buscan ingenieras, f\u00edsicas y tecn\u00f3logas<\/em>, coordinado por <a href=\"http:\/\/gender-ict.net\/people\/milagros-sainz\/\" target=\"_blank\" rel=\"noopener noreferrer\">Milagros S\u00e1inz<\/a>. La publicaci\u00f3n recoge los resultados del proyecto y est\u00e1 disponible de forma gratuita. <strong><a href=\"http:\/\/gender-ict.net\/jovenesSTEM\/index.php\/por-que-no-hay-mas-mujeres-stem\/\">Leer m\u00e1s<\/a><\/strong><\/p>\n\n\n\n<div style=\"height:14px\" aria-hidden=\"true\" class=\"wp-block-spacer\"><\/div>\n\n\n\n<p><strong><a href=\"http:\/\/gender-ict.net\/jovenesSTEM\/wp-content\/uploads\/sites\/45\/2016\/11\/Sainz_2017-Se_buscan_ingenieras_fisicas_y_tecnologas.pdf\" target=\"_blank\" rel=\"noopener noreferrer\">Descarga la publicaci\u00f3n<\/a><\/strong><\/p>\n\n\n\n<div style=\"height:30px\" aria-hidden=\"true\" class=\"wp-block-spacer\"><\/div>\n\n\n\n<h4 class=\"wp-block-heading\" style=\"font-size:30px\">ART\u00cdCULOS<\/h4>\n\n\n\n<p>Petroff, A. [Alisa], S\u00e1inz, M. [Milagros] &amp; Arroyo, L. [L\u00eddia]. (2021). (2022). A Multilevel Qualitative Perspective to Gendered Life Course, Socialization, and STEM Trajectories Among Emerging Adults in Spain.&nbsp;<i>Emerging Adulthood<\/i>,&nbsp;<i>10<\/i>(5), 1256\u20131268.&nbsp;<a href=\"https:\/\/doi.org\/10.1177\/21676968211021678\" target=\"_blank\" rel=\"noopener\">https:\/\/doi.org\/10.1177\/21676968211021678<\/a><\/p>\n\n\n\n<p>S\u00e1inz, M. [Milagros], Mart\u00ednez-Cantos, J. L. [Jos\u00e9 Luis], Rod\u00f3-de-Z\u00e1rate, M. [Maria], Romano, M. J. [Mar\u00eda Jos\u00e9], Arroyo, L. [Lidia], &amp; F\u00e0bregues, S. [Sergi]. (2019).&nbsp;Young Spanish People\u2019s Gendered Representations of People Working in STEM. A Qualitative Study. <em>Frontiers in Psychology, 10<\/em>, 996. <a href=\"https:\/\/doi.org\/10.3389\/fpsyg.2019.00996\" target=\"_blank\" rel=\"noopener\">https:\/\/doi.org\/10.3389\/fpsyg.2019.00996&nbsp;<\/a><\/p>\n\n\n\n<p>S\u00e1inz, M. [Milagros], F\u00e0bregues, S. [Sergi], Rod\u00f3-de-Z\u00e1rate, M. [Maria], Mart\u00ednez-Cantos, J. L. [Jos\u00e9 Luis], Arroyo, L. [Lidia], &amp; Romano, M. J. [Mar\u00eda Jos\u00e9]. (2018). Gendered Motivations to Pursue Male-Dominated STEM Careers Among Spanish Young People. A Qualitative Study.&nbsp;<i>Journal of Career Development, <\/i>1-16. <a href=\"https:\/\/doi.org\/10.1177\/0894845318801101\" target=\"_blank\" rel=\"noopener noreferrer\" data-saferedirecturl=\"https:\/\/www.google.com\/url?q=https:\/\/doi.org\/10.1177\/0894845318801101&amp;source=gmail&amp;ust=1590489325416000&amp;usg=AFQjCNHOl-SbRZFimMBZ2zjr0PepDNamHw\">https:\/\/doi.org\/10.1177\/0894845318801101<\/a><\/p>\n\n\n\n<div style=\"height:30px\" aria-hidden=\"true\" class=\"wp-block-spacer\"><\/div>\n\n\n\n<h4 class=\"wp-block-heading\" style=\"font-size:30px\"><span style=\"font-weight: 400\">SEMINARIOS Y JORNADAS DE DIFUSI\u00d3N ORGANIZADAS POR EL PROYECTO<\/span><\/h4>\n\n\n\n<div style=\"height:14px\" aria-hidden=\"true\" class=\"wp-block-spacer\"><\/div>\n\n\n\n<p><a href=\"https:\/\/gender-ict.net\/2016\/11\/gender-and-ict-symposium\/\"><b>Gender and ICT Symposium<\/b><\/a><span style=\"font-weight: 400\">. Seminario organizado por el grupo de investigaci\u00f3n G\u00e9nero y TIC en el que se present\u00f3 el plan de trabajo del proyecto y las primeras conclusiones del estudio con adolescentes y j\u00f3venes. Internet Interdisciplinary Institute (IN3), Universitat Oberta de Catalunya, Castelldefels, Espa\u00f1a. <\/span><a href=\"https:\/\/gender-ict.net\/jovenesSTEM\/2016\/11\/16\/seminario-de-presentacion-de-resultados-en-el-internet-interdisciplinary-institute-3\/\"><span style=\"font-weight: 400\"><strong>Leer m\u00e1s<\/strong><\/span><\/a><span style=\"font-weight: 400\">.\u00a0<\/span><\/p>\n\n\n\n<p><a href=\"https:\/\/espacio.fundaciontelefonica.com\/evento\/se-buscan-ingenieras\/\"><b>Se buscan ingenieras<\/b><\/a><span style=\"font-weight: 400\">. Coloquio de presentaci\u00f3n del libro <\/span><a href=\"https:\/\/www.fundaciontelefonica.com\/arte_cultura\/publicaciones-listado\/pagina-item-publicaciones\/itempubli\/590\/\"><i><span style=\"font-weight: 400\">Se buscan ingenieras, f\u00edsicas y tecn\u00f3logas. \u00bfPor qu\u00e9 no hay m\u00e1s mujeres STEM?<\/span><\/i><\/a><span style=\"font-weight: 400\">, con los resultados del estudio financiado por Fundaci\u00f3n Telef\u00f3nica y coordinado por&nbsp;Milagros Sainz. 28 de junio de 2017. Espacio Fundaci\u00f3n Telef\u00f3nica, Madrid, Espa\u00f1a. <\/span><a href=\"https:\/\/gender-ict.net\/jovenesSTEM\/2017\/06\/30\/se-buscan-ingenieras\/\"><span style=\"font-weight: 400\"><strong>Leer m\u00e1s<\/strong><\/span><\/a><span style=\"font-weight: 400\">.&nbsp;&nbsp;&nbsp;&nbsp;<\/span><\/p>\n\n\n\n<div style=\"height:30px\" aria-hidden=\"true\" class=\"wp-block-spacer\"><\/div>\n\n\n\n<h4 class=\"wp-block-heading\" style=\"font-size:30px\"><span style=\"font-weight: 400\">PARTICIPACI\u00d3N EN CONFERENCIAS Y SEMINARIOS<\/span><\/h4>\n\n\n\n<p>S\u00e1inz M. (2018, 17 de mayo). Videoconferencia: Se buscan ingenieras, f\u00edsicas y tecn\u00f3logas. \u00bfPor qu\u00e9 no hay m\u00e1s mujeres STEM? C\u00f3digo X. Mexico D.F. <a href=\"https:\/\/www.gob.mx\/cms\/uploads\/attachment\/file\/324010\/codigox__1_.pdf\">https:\/\/www.gob.mx\/cms\/uploads\/attachment\/file\/324010\/codigox__1_.pdf<\/a>&nbsp;<\/p>\n\n\n\n<p>S\u00e1inz, M. (2018, 16 de marzo). Mesa Redonda: Liderando el talento para la innovaci\u00f3n. <a href=\"https:\/\/www.apd.es\/jornada-tecnologia-desafio-empresas-lideres-santiago-de-compostela\/\"><em>Jornada \u201cLa era tecnol\u00f3gica. Un desaf\u00edo para las empresas y sus l\u00edderes\u201d<\/em><\/a>. Asociaci\u00f3n para el Progreso de la Direcci\u00f3n (APD). Santiago de Compostela &nbsp;(Spain).<\/p>\n\n\n\n<p>S\u00e1inz, M. (2018, 27 de febrero). \u00bfPor qu\u00e9 se produce la falta de vocaciones cient\u00edficas y tecnol\u00f3gicas en las chicas? \u00bfC\u00f3mo se puede intervenir desde la educaci\u00f3n?\u201d. <a href=\"http:\/\/mestreacasa.gva.es\/web\/cefireelx\/inscripci%C3%B3\">II Jornadas Igualdad y Coeducaci\u00f3n. La Ni\u00f1a y la Mujer en la Ciencia<\/a>. Cefire Elx. Universidad Miguel Hern\u00e1ndez. Elche (Spain).<\/p>\n\n\n\n<div style=\"height:30px\" aria-hidden=\"true\" class=\"wp-block-spacer\"><\/div>\n\n\n\n<p class=\"has-black-color has-text-color has-link-color wp-elements-69b53bd7aea6f20591caec5a2ec54ebc\" style=\"font-size:30px\">APARICIONES EN MEDIOS<\/p>\n\n\n\n<div style=\"height:14px\" aria-hidden=\"true\" class=\"wp-block-spacer\"><\/div>\n\n\n\n<p style=\"font-size:22px\"><strong>Prensa y diarios digitales<\/strong><\/p>\n\n\n\n<p><strong>2024, 11 de febrero. <\/strong>Nouvelles du monde.<strong> <\/strong><a href=\"https:\/\/www.nouvelles-du-monde.com\/plus-quun-slogan\/\">plus qu\u2019un slogan<\/a>. Menci\u00f3n al art\u00edculo <a href=\"https:\/\/www.frontiersin.org\/journals\/psychology\/articles\/10.3389\/fpsyg.2019.00996\/full\">\u201cYoung Spanish People\u2019s Gendered Representations of People Working in STEM. A Qualitative Study. Frontiers in Psychology\u201d<\/a> generado por este proyecto con los resultados de un estudio cualitativo sobre las diferencias de g\u00e9nero en las percepciones de un grupo de j\u00f3venes en \u00e1mbitos STEM sobre las personas que trabajan en estos campos.<em>&nbsp;<\/em><\/p>\n\n\n\n<p><strong>2024, 8 de febrero<\/strong><strong>. <\/strong>The Conversation.<strong> <\/strong><a href=\"https:\/\/theconversation.com\/dia-internacional-de-la-mujer-y-la-nina-en-la-ciencia-algo-mas-que-un-eslogan-221783\">D\u00eda Internacional de la Mujer y la Ni\u00f1a en la Ciencia: algo m\u00e1s que un eslogan<\/a>. Menci\u00f3n al art\u00edculo <a href=\"https:\/\/www.frontiersin.org\/journals\/psychology\/articles\/10.3389\/fpsyg.2019.00996\/full\">\u201cYoung Spanish People\u2019s Gendered Representations of People Working in STEM. A Qualitative Study. Frontiers in Psychology\u201d<\/a>&nbsp; generado con los resultados de nuestro estudio sobre g\u00e9nero, j\u00f3venes y STEM y publicado en la revista <em>Frontiers in Psychology<\/em> en 2019.<em>&nbsp;<\/em><\/p>\n\n\n\n<p><strong>2019, 16 de julio<\/strong><strong>.&nbsp;<\/strong>Innovamos. Revista de Divulgaci\u00f3n Educativa. <a href=\"http:\/\/revistainnovamos.com\/2019\/07\/16\/se-buscan-ingenieras-fisicas-y-tecnologas\/\">Se buscan ingenieras, f\u00edsicas y tecn\u00f3logas<\/a>. Art\u00edculo sobre el libro,&nbsp;\u00bf<em>Por qu\u00e9 no hay m\u00e1s mujeres STEM? Se buscan ingenieras, f\u00edsicas y tecn\u00f3logas<\/em>, que recoge los resultados de un proyecto de investigaci\u00f3n financiado por Fundaci\u00f3n Telef\u00f3nica y dirigido por&nbsp;<a href=\"https:\/\/gender-ict.net\/people\/milagros-sainz\/\">Milagros S\u00e1inz<\/a>. (Espa\u00f1a)<\/p>\n\n\n\n<p><strong>2018, 1 de diciembre.<\/strong>&nbsp;El Pa\u00eds.&nbsp;<a href=\"https:\/\/elpais.com\/ccaa\/2018\/12\/01\/valencia\/1543673486_338161.html\">Quiero ser cient\u00edfica como t\u00fa<\/a>.&nbsp;<a href=\"https:\/\/gender-ict.net\/people\/milagros-sainz\/\">Milagros S\u00e1inz<\/a>, se refiere a la influencia de los roles de g\u00e9nero y la educaci\u00f3n en las diferentes expectativas de chicas y chicos. (Espa\u00f1a)<\/p>\n\n\n\n<p><strong>2018, 7 de agosto.<\/strong>&nbsp;El Pa\u00eds.&nbsp;<a href=\"https:\/\/elpais.com\/economia\/2018\/07\/25\/actualidad\/1532514376_084338.html\">\u00bfPor qu\u00e9 ellas no eligen carreras t\u00e9cnicas? Si bien hay carreras paritarias como Qu\u00edmica, Medicina y Biolog\u00eda, faltan alumnas en otras como F\u00edsica, Inform\u00e1tica e ingenier\u00edas.<\/a>&nbsp;Entrevista con&nbsp;<a href=\"https:\/\/gender-ict.net\/people\/milagros-sainz\/\">Milagros S\u00e1inz<\/a>&nbsp;sobre la falta de representaci\u00f3n de las mujeres en los campos STEM y sus consecuencias. (Espa\u00f1a)<\/p>\n\n\n\n<p><strong>2018, 29 de mayo<\/strong><strong>.<\/strong>&nbsp;El Mundo.&nbsp;<a href=\"http:\/\/www.elmundo.es\/nosotras\/2018\/05\/29\/5b0c4337e2704e872f8b45be.html\">Faltan profesionales con conocimientos tecnol\u00f3gicos y cient\u00edficos, sobre todo, mujeres.<\/a>&nbsp;<a href=\"https:\/\/gender-ict.net\/people\/milagros-sainz\/\">Milagros S\u00e1inz<\/a>&nbsp;se\u00f1ala los estereotipos de g\u00e9nero persistentes entre las principales razones de la subrepresentaci\u00f3n de las mujeres en las ocupaciones STEM (Espa\u00f1a)<\/p>\n\n\n\n<p><strong>2017, 16 de octubre<\/strong><strong>.<\/strong>&nbsp;La Cofa. Observatorio tecnol\u00f3gico.&nbsp;<a href=\"https:\/\/lacofa.fundaciontelefonica.com\/2017\/10\/16\/por-que-no-hay-mas-ingenieras\/?utm_source=comunicacion&amp;utm_medium=boletines&amp;utm_campaign=semana10162017\">\u00bfPor qu\u00e9 no hay m\u00e1s ingenieras?<\/a>&nbsp;(Espa\u00f1a)<\/p>\n\n\n\n<p><strong>2017, 3 de octubre<\/strong><strong>.<\/strong>&nbsp;Mujer Emprendedora.&nbsp;<a href=\"http:\/\/mujeremprendedora.net\/milagros-sainz-por-que-no-hay-mas-mujeres-stem\/\">\u00bfPor qu\u00e9 no hay m\u00e1s mujeres STEM?<\/a>&nbsp;(Espa\u00f1a)<\/p>\n\n\n\n<p><strong>2017, 11 de julio.<\/strong>&nbsp;El Confidencial.&nbsp;<a href=\"http:\/\/www.elconfidencial.com\/alma-corazon-vida\/educacion\/2017-07-11\/por-que-las-chicas-no-quieren-ser-ingenieras_1412769\/\">\u00bfPor qu\u00e9 las chicas no quieren ser ingenieras?<\/a>&nbsp;Referencia al estudio sobre sesgos de g\u00e9nero en torno a las disciplinas y profesiones STEM y al libro&nbsp;<em><em>Se buscan ingenieras, f\u00edsicas y tecn\u00f3logas.<\/em> <em>\u00bfPor qu\u00e9 no hay m\u00e1s mujeres STEM?<\/em><\/em>.<\/p>\n\n\n\n<p><strong>2017, 12 de julio.<\/strong>&nbsp;El Pa\u00eds. Retina.&nbsp;<a href=\"https:\/\/retina.elpais.com\/retina\/2017\/07\/10\/talento\/1499695006_206572.html\">\u00bfPor qu\u00e9 no hay m\u00e1s mujeres ingenieras?<\/a><strong>&nbsp;<\/strong>Entrevista con Milagros S\u00e1inz con motivo del libro&nbsp;<em><em>Se buscan ingenieras, f\u00edsicas y tecn\u00f3logas.<\/em> <em>\u00bfPor qu\u00e9 no hay m\u00e1s mujeres STEM?&nbsp;<\/em>Por qu\u00e9 no hay m\u00e1s mujeres STEM? Se buscan ingenieras, f\u00edsicas y tecn\u00f3logas<\/em>.<\/p>\n\n\n\n<div style=\"height:30px\" aria-hidden=\"true\" class=\"wp-block-spacer\"><\/div>\n\n\n\n<p style=\"font-size:22px\"><strong>Radio<\/strong><\/p>\n\n\n\n<div style=\"height:14px\" aria-hidden=\"true\" class=\"wp-block-spacer\"><\/div>\n\n\n\n<p><strong>2024, 9 de febrero<\/strong><strong>. <\/strong><strong>ONDA CERO. <\/strong><a href=\"http:\/\/ct.moreover.com\/?a=53055555723&amp;p=1pl&amp;v=1&amp;x=ngdCRaRJD0l07NkGPwq3YA\"><strong>D\u00eda Internacional de la Mujer y la Ni\u00f1a en la Ciencia: faltan investigadoras en el primer nivel.<\/strong> <\/a>Menci\u00f3n al art\u00edculo <a href=\"https:\/\/www.frontiersin.org\/journals\/psychology\/articles\/10.3389\/fpsyg.2019.00996\/full\">\u201cYoung Spanish People\u2019s Gendered Representations of People Working in STEM. A Qualitative Study. Frontiers in Psychology\u201d<\/a> generado por este proyecto con los resultados de un estudio cualitativo sobre las diferencias de g\u00e9nero en las percepciones de un grupo de j\u00f3venes en \u00e1mbitos STEM y<a href=\"http:\/\/ct.moreover.com\/?a=53055555723&amp;p=1pl&amp;v=1&amp;x=ngdCRaRJD0l07NkGPwq3YA\"> publicado en la revista <em>Frontiers in Psychology<\/em> en 2019.<\/a><\/p>\n\n\n\n<p><strong>2017, 5 de julio.<\/strong>&nbsp;<strong>M21RADIO &#8211; Einstein en Malasa\u00f1a<\/strong>. Entrevista a <a href=\"https:\/\/gender-ict.net\/people\/milagros-sainz\/\">Milagros S\u00e1inz<\/a> con motivo de la publicaci\u00f3n del libro <em>Se buscan ingenieras, f\u00edsicas y tecn\u00f3logas.<\/em> <em>\u00bfPor qu\u00e9 no hay m\u00e1s mujeres STEM?&nbsp;<\/em><\/p>\n\n\n\n<figure class=\"wp-block-audio\"><audio controls src=\"http:\/\/gender-ict.net\/wp-content\/uploads\/sites\/39\/2015\/03\/M21Radio_Einstein_en_Malasana-05_07_2017.mp3\"><\/audio><\/figure>\n\n\n\n<div style=\"height:14px\" aria-hidden=\"true\" class=\"wp-block-spacer\"><\/div>\n\n\n\n<p><\/p>\n\n\n\n<p><\/p>\n","protected":false},"excerpt":{"rendered":"<p>LIBROS Fundaci\u00f3n Telef\u00f3nica&nbsp;y editorial Ariel han publicado el libro \u00bfPor qu\u00e9 no hay m\u00e1s mujeres STEM? Se buscan ingenieras, f\u00edsicas y tecn\u00f3logas, coordinado por Milagros S\u00e1inz. La publicaci\u00f3n recoge los resultados del proyecto y est\u00e1 disponible de forma gratuita. Leer<\/p>\n","protected":false},"author":1,"featured_media":35,"parent":0,"menu_order":0,"comment_status":"closed","ping_status":"closed","template":"","meta":{"_monsterinsights_skip_tracking":false,"_monsterinsights_sitenote_active":false,"_monsterinsights_sitenote_note":"","_monsterinsights_sitenote_category":0,"footnotes":""},"class_list":["post-17","page","type-page","status-publish","has-post-thumbnail","hentry"],"_links":{"self":[{"href":"https:\/\/gender-ict.net\/jovenesSTEM\/wp-json\/wp\/v2\/pages\/17","targetHints":{"allow":["GET"]}}],"collection":[{"href":"https:\/\/gender-ict.net\/jovenesSTEM\/wp-json\/wp\/v2\/pages"}],"about":[{"href":"https:\/\/gender-ict.net\/jovenesSTEM\/wp-json\/wp\/v2\/types\/page"}],"author":[{"embeddable":true,"href":"https:\/\/gender-ict.net\/jovenesSTEM\/wp-json\/wp\/v2\/users\/1"}],"replies":[{"embeddable":true,"href":"https:\/\/gender-ict.net\/jovenesSTEM\/wp-json\/wp\/v2\/comments?post=17"}],"version-history":[{"count":42,"href":"https:\/\/gender-ict.net\/jovenesSTEM\/wp-json\/wp\/v2\/pages\/17\/revisions"}],"predecessor-version":[{"id":395,"href":"https:\/\/gender-ict.net\/jovenesSTEM\/wp-json\/wp\/v2\/pages\/17\/revisions\/395"}],"wp:featuredmedia":[{"embeddable":true,"href":"https:\/\/gender-ict.net\/jovenesSTEM\/wp-json\/wp\/v2\/media\/35"}],"wp:attachment":[{"href":"https:\/\/gender-ict.net\/jovenesSTEM\/wp-json\/wp\/v2\/media?parent=17"}],"curies":[{"name":"wp","href":"https:\/\/api.w.org\/{rel}","templated":true}]}}