{"id":10,"date":"2016-11-17T17:07:45","date_gmt":"2016-11-17T17:07:45","guid":{"rendered":"http:\/\/gender-ict.net\/jovenesSTEM\/?page_id=10"},"modified":"2020-05-25T13:20:07","modified_gmt":"2020-05-25T13:20:07","slug":"el-proyecto","status":"publish","type":"page","link":"https:\/\/gender-ict.net\/jovenesSTEM\/el-proyecto\/","title":{"rendered":"EL PROYECTO"},"content":{"rendered":"<p><img loading=\"lazy\" decoding=\"async\" class=\"alignnone wp-image-65\" src=\"http:\/\/gender-ict.net\/jovenesSTEM\/wp-content\/uploads\/sites\/45\/2016\/11\/el-proyecto-300x63.jpg\" alt=\"el-proyecto\" width=\"410\" height=\"86\" srcset=\"https:\/\/gender-ict.net\/jovenesSTEM\/wp-content\/uploads\/sites\/45\/2016\/11\/el-proyecto-300x63.jpg 300w, https:\/\/gender-ict.net\/jovenesSTEM\/wp-content\/uploads\/sites\/45\/2016\/11\/el-proyecto-768x161.jpg 768w, https:\/\/gender-ict.net\/jovenesSTEM\/wp-content\/uploads\/sites\/45\/2016\/11\/el-proyecto-1024x214.jpg 1024w, https:\/\/gender-ict.net\/jovenesSTEM\/wp-content\/uploads\/sites\/45\/2016\/11\/el-proyecto.jpg 1100w\" sizes=\"auto, (max-width: 410px) 100vw, 410px\" \/><\/p>\n<p>El proyecto de investigaci\u00f3n <strong>\u201cSesgos de g\u00e9nero sobre los estudios y carreras STEM en j\u00f3venes en distintos momentos del ciclo vital: \u00bfQu\u00e9 hay de mito y qu\u00e9 de realidad?\u201d<\/strong> pretende identificar los mecanismos que podr\u00edan conectar m\u00e1s mujeres a la innovaci\u00f3n cient\u00edfica y tecnol\u00f3gica, a partir de la percepci\u00f3n que tienen los j\u00f3venes (chicas y chicos) sobre las disciplinas STEM en distintos momentos de la vida vinculados a la transici\u00f3n a la etapa adulta.<\/p>\n<p>Aunque los resultados acad\u00e9micos de chicas y chicos en ciencias y matem\u00e1ticas son cada vez m\u00e1s similares e incluso mejores en el caso de las chicas, la participaci\u00f3n de las mujeres en los estudios y empleos en Ciencia, Tecnolog\u00eda, Ingenier\u00eda y Matem\u00e1ticas (STEM, del ingl\u00e9s Science, Technology, Engineering and Mathematics) sigue siendo desigual. Las mujeres superan el sesenta por ciento en carreras vinculadas a la salud y la biolog\u00eda, como medicina, farmacia y ciencias biol\u00f3gicas, pero su presencia es escasa en profesiones como la f\u00edsica, la inform\u00e1tica y la ingenier\u00eda electr\u00f3nica.<\/p>\n<p>La presencia femenina en \u00e1mbitos tecnol\u00f3gicos se suele concentrar en puestos de apoyo como desarrolladoras web, analistas de sistemas o administradoras de bases de datos. Y, a lo largo de la vida profesional, las mujeres abandonan estos campos cient\u00edficos y tecnol\u00f3gicos con m\u00e1s frecuencia que los hombres.<\/p>\n<p>A la hora de explicar por qu\u00e9 chicos y chicas eligen estudios y profesiones diferenciados, investigaciones recientes muestran la importancia que tiene para los individuos&nbsp;buscar la congruencia entre los roles sociales y las metas acad\u00e9micas y profesionales. En este sentido, las carreras relacionadas con las ciencias, la tecnolog\u00eda, la ingenier\u00eda y las matem\u00e1ticas se perciben como menos adecuadas que otros \u00e1mbitos para conseguir metas comunales asociadas t\u00edpicamente al rol de g\u00e9nero femenino, tales como ejercer cuidados y trabajar en contacto con personas.<\/p>\n<p>Este estudio est\u00e1 financiado por <strong><a href=\"http:\/\/www.fundaciontelefonica.com\/\">Fundaci\u00f3n Telef\u00f3nica<\/a><\/strong>, con el objetivo de avanzar hacia la igualdad de oportunidades y la equidad de g\u00e9nero en los \u00e1mbitos STEM, un entorno profesional din\u00e1mico, con una demanda creciente y clave para la innovaci\u00f3n, que no puede seguir excluyendo a las mujeres.<\/p>\n<p>Los resultados nos permitir\u00e1n plantear recomendaciones y buenas pr\u00e1cticas dirigidas a actores sociales implicados en el contexto educativo (familias, profesorado, responsables de centros de educaci\u00f3n,\u2026), pol\u00edtico (dise\u00f1o e implementaci\u00f3n de pol\u00edticas p\u00fablicas) y empresarial (responsables de gesti\u00f3n de personal, agentes de igualdad, \u2026).<\/p>\n<p>&nbsp;<\/p>\n","protected":false},"excerpt":{"rendered":"<p>El proyecto de investigaci\u00f3n \u201cSesgos de g\u00e9nero sobre los estudios y carreras STEM en j\u00f3venes en distintos momentos del ciclo vital: \u00bfQu\u00e9 hay de mito y qu\u00e9 de realidad?\u201d pretende identificar los mecanismos que podr\u00edan conectar m\u00e1s mujeres a la<\/p>\n","protected":false},"author":1,"featured_media":0,"parent":0,"menu_order":0,"comment_status":"closed","ping_status":"closed","template":"","meta":{"_monsterinsights_skip_tracking":false,"_monsterinsights_sitenote_active":false,"_monsterinsights_sitenote_note":"","_monsterinsights_sitenote_category":0,"footnotes":""},"class_list":["post-10","page","type-page","status-publish","hentry"],"_links":{"self":[{"href":"https:\/\/gender-ict.net\/jovenesSTEM\/wp-json\/wp\/v2\/pages\/10","targetHints":{"allow":["GET"]}}],"collection":[{"href":"https:\/\/gender-ict.net\/jovenesSTEM\/wp-json\/wp\/v2\/pages"}],"about":[{"href":"https:\/\/gender-ict.net\/jovenesSTEM\/wp-json\/wp\/v2\/types\/page"}],"author":[{"embeddable":true,"href":"https:\/\/gender-ict.net\/jovenesSTEM\/wp-json\/wp\/v2\/users\/1"}],"replies":[{"embeddable":true,"href":"https:\/\/gender-ict.net\/jovenesSTEM\/wp-json\/wp\/v2\/comments?post=10"}],"version-history":[{"count":27,"href":"https:\/\/gender-ict.net\/jovenesSTEM\/wp-json\/wp\/v2\/pages\/10\/revisions"}],"predecessor-version":[{"id":287,"href":"https:\/\/gender-ict.net\/jovenesSTEM\/wp-json\/wp\/v2\/pages\/10\/revisions\/287"}],"wp:attachment":[{"href":"https:\/\/gender-ict.net\/jovenesSTEM\/wp-json\/wp\/v2\/media?parent=10"}],"curies":[{"name":"wp","href":"https:\/\/api.w.org\/{rel}","templated":true}]}}