{"id":172,"date":"2023-04-26T15:31:37","date_gmt":"2023-04-26T15:31:37","guid":{"rendered":"https:\/\/gender-ict.net\/horigestem\/?page_id=172"},"modified":"2025-12-09T16:35:05","modified_gmt":"2025-12-09T16:35:05","slug":"radio","status":"publish","type":"page","link":"https:\/\/gender-ict.net\/horigestem\/medios\/radio\/","title":{"rendered":"Radio y podcast"},"content":{"rendered":"\n<div style=\"height:14px\" aria-hidden=\"true\" class=\"wp-block-spacer\"><\/div>\n\n\n\n<p><strong>2025, 22 de julio.<\/strong> Els \u00e0udios de la Fundaci\u00f3 Ferrer i Gu\u00e0rdia &#8211; Trencant barreres pel talent digital femen\u00ed. P\u00f2dcast ParticipaTIC. <a href=\"https:\/\/gender-ict.net\/people\/milagros-sainz\/\">Milagros S\u00e1inz<\/a>, directora de <a href=\"https:\/\/gender-ict.net\/\" target=\"_blank\" rel=\"noreferrer noopener\">GenTIC<\/a> e investigadora principal de <strong>HORIGESTEM<\/strong>, particip\u00f3 en un debate organizado por la <a href=\"https:\/\/www.ferrerguardia.org\/ca_ES\/blog\/projectes-2\/podcast-talent-digital-femeni-360#blog_content\" target=\"_blank\" rel=\"noreferrer noopener\">Fundaci\u00f3n Ferrer i Gu\u00e0rdia<\/a> para analizar las causas de las brechas digitales de g\u00e9nero y compartir estrategias para abordarlas de forma integral, desde una perspectiva feminista e interseccional. Junto a <strong>Sandra G\u00f3mez<\/strong>, investigadora de la&nbsp;<a href=\"https:\/\/www.ferrerguardia.org\/ca_ES\" target=\"_blank\" rel=\"noreferrer noopener\">Fundaci\u00f3n Ferrer i Gu\u00e0rdia<\/a>, <strong>Mireia Usart<\/strong>, f\u00edsica y experta en tecnolog\u00edas digitales y educaci\u00f3n de la&nbsp;<a href=\"https:\/\/www.urv.cat\/es\/\">Universitat Rovira i Virgili<\/a>, y&nbsp;<strong>S\u00edlvia Planella<\/strong>, ingeniera, arquitecta y fundadora de&nbsp;<a href=\"https:\/\/www.enginy-era.com\/\" target=\"_blank\" rel=\"noreferrer noopener\">ENGINY-era<\/a>.<\/p>\n\n\n\n<figure class=\"wp-block-embed is-type-rich is-provider-spotify wp-block-embed-spotify wp-embed-aspect-21-9 wp-has-aspect-ratio\"><div class=\"wp-block-embed__wrapper\">\n<iframe title=\"Spotify Embed: \ufe0f Trencant barreres pel talent digital femen\u00ed | P\u00f2dcast ParticipaTIC\" style=\"border-radius: 12px\" width=\"100%\" height=\"152\" frameborder=\"0\" allowfullscreen allow=\"autoplay; clipboard-write; encrypted-media; fullscreen; picture-in-picture\" loading=\"lazy\" src=\"https:\/\/open.spotify.com\/embed\/episode\/6I3yHVmPoOsLFDWyjMkCGh?si=CNZ-jPidS3uyZnriLPjN7Q&#038;utm_source=oembed\"><\/iframe> \n<\/div><\/figure>\n\n\n\n<div style=\"height:14px\" aria-hidden=\"true\" class=\"wp-block-spacer\"><\/div>\n\n\n\n<p><strong>2025, 10 de febrero.&nbsp;<\/strong>UniCorners \u2013 Episodi 6. Els estereotips de g\u00e8nere en la brillantor i el seu impacte en l\u2019educaci\u00f3.&nbsp;<a href=\"https:\/\/gender-ict.net\/people\/milagros-sainz\/\">Milagros S\u00e1inz<\/a>, investigadora principal de <strong>HORIGESTEM<\/strong>, reflexion\u00f3 sobre los estereotipos de g\u00e9nero en torno a la brillantez, la excelencia y la ciencia junto a <a href=\"http:\/\/www.loretahur.net\/\" target=\"_blank\" rel=\"noreferrer noopener\">Lorena Fern\u00e1ndez<\/a>, directora de identidad digital de la Universidad de Deusto, y <a href=\"https:\/\/linktr.ee\/estelakilljoy\" target=\"_blank\" rel=\"noreferrer noopener\">Estela Ortiz<\/a>, analista cultural y comunicadora especializada en cultura digital, audiovisual y feminismo. El debate fue moderado por <a href=\"https:\/\/www.linkedin.com\/in\/irene-lapuente-aguilar-37416b16\/?originalSubdomain=es\" target=\"_blank\" rel=\"noreferrer noopener\">Irene Lapuente<\/a>, directora de <a href=\"https:\/\/lamandarinadenewton.com\/es\/\" target=\"_blank\" rel=\"noreferrer noopener\">La Mandarina de Newton<\/a>.<\/p>\n\n\n\n<figure class=\"wp-block-embed is-type-rich is-provider-spotify wp-block-embed-spotify wp-embed-aspect-21-9 wp-has-aspect-ratio\"><div class=\"wp-block-embed__wrapper\">\n<iframe title=\"Spotify Embed: Episodi 6. Els estereotips de g\u00e8nere en la brillantor i el seu impacte en l&amp;apos;educaci\u00f3\" style=\"border-radius: 12px\" width=\"100%\" height=\"152\" frameborder=\"0\" allowfullscreen allow=\"autoplay; clipboard-write; encrypted-media; fullscreen; picture-in-picture\" loading=\"lazy\" src=\"https:\/\/open.spotify.com\/embed\/episode\/18PyqlZciMOKLTF7MZhwMZ?utm_source=oembed\"><\/iframe>\n<\/div><\/figure>\n\n\n\n<p><strong>2023,<\/strong> <strong>11 de febrero. <\/strong>Cadena Ser. <a href=\"https:\/\/cadenaser.com\/nacional\/2023\/02\/11\/lejos-de-la-paridad-en-la-ciencia-espanola-las-cifras-de-la-brecha-de-genero-cadena-ser\/\" target=\"_blank\" rel=\"noreferrer noopener\">Lejos de la paridad en la ciencia espa\u00f1ola: las cifras de la brecha de g\u00e9nero<\/a>. La investigadora principal de HORIGESTEM, <a href=\"https:\/\/gender-ict.net\/people\/milagros-sainz\/\" target=\"_blank\" rel=\"noreferrer noopener\">Milagros S\u00e1inz<\/a>, y la Vicerrectora de Planificaci\u00f3n Estrat\u00e9gica e Investigaci\u00f3n de la UOC, <a href=\"https:\/\/talent.uoc.edu\/es\/marta-aymerich.html\">Marta Aymerich<\/a>, reflexionan en esta entrevista sobre las desigualdades de g\u00e9nero en la ciencia a lo largo de la historia y las brechas que persisten en la actualidad (<a href=\"https:\/\/cadenaser.com\/nacional\/2023\/02\/11\/lejos-de-la-paridad-en-la-ciencia-espanola-las-cifras-de-la-brecha-de-genero-cadena-ser\" target=\"_blank\" rel=\"noreferrer noopener\"><strong>audio<\/strong><\/a>). <\/p>\n\n\n\n<div style=\"height:14px\" aria-hidden=\"true\" class=\"wp-block-spacer\"><\/div>\n\n\n\n<p><strong>2023, 10 de febrero. <\/strong>RNE \u2013 A media ma\u00f1ana. Con motivo del D\u00eda Internacional de la Mujer y la Ni\u00f1a en la Ciencia, <a href=\"https:\/\/gender-ict.net\/people\/milagros-sainz\/\" target=\"_blank\" rel=\"noreferrer noopener\">Milagros S\u00e1inz<\/a>, investigadora principal de HORIGESTEM, analiza las causas de la escasa participaci\u00f3n de las mujeres en algunas disciplinas STEM y c\u00f3mo eliminar barreras y sesgos sexistas para alcanzar la igualdad de g\u00e9nero en ciencia y tecnolog\u00eda (<a href=\"https:\/\/www.rtve.es\/play\/audios\/a-media-manana\/segunda-hora-10-02-23\/6806922\/\" target=\"_blank\" rel=\"noreferrer noopener\"><strong>audio, min. 00:21:50<\/strong><\/a>). <\/p>\n\n\n\n<div style=\"height:40px\" aria-hidden=\"true\" class=\"wp-block-spacer\"><\/div>\n\n\n\n<p><\/p>\n","protected":false},"excerpt":{"rendered":"<p>2025, 22 de julio. Els \u00e0udios de la Fundaci\u00f3 Ferrer i Gu\u00e0rdia &#8211; Trencant barreres pel talent digital femen\u00ed. P\u00f2dcast ParticipaTIC. Milagros S\u00e1inz, directora de GenTIC e investigadora principal de HORIGESTEM, particip\u00f3 en un debate organizado por la Fundaci\u00f3n Ferrer i Gu\u00e0rdia para analizar las causas de las brechas digitales de g\u00e9nero y compartir estrategias&#8230;<\/p>\n","protected":false},"author":2,"featured_media":0,"parent":167,"menu_order":0,"comment_status":"closed","ping_status":"closed","template":"","meta":{"_monsterinsights_skip_tracking":false,"_monsterinsights_sitenote_active":false,"_monsterinsights_sitenote_note":"","_monsterinsights_sitenote_category":0,"_kad_post_transparent":"","_kad_post_title":"","_kad_post_layout":"normal","_kad_post_sidebar_id":"","_kad_post_content_style":"","_kad_post_vertical_padding":"","_kad_post_feature":"","_kad_post_feature_position":"","_kad_post_header":false,"_kad_post_footer":false,"_kad_post_classname":"","footnotes":""},"class_list":["post-172","page","type-page","status-publish","hentry"],"_links":{"self":[{"href":"https:\/\/gender-ict.net\/horigestem\/wp-json\/wp\/v2\/pages\/172","targetHints":{"allow":["GET"]}}],"collection":[{"href":"https:\/\/gender-ict.net\/horigestem\/wp-json\/wp\/v2\/pages"}],"about":[{"href":"https:\/\/gender-ict.net\/horigestem\/wp-json\/wp\/v2\/types\/page"}],"author":[{"embeddable":true,"href":"https:\/\/gender-ict.net\/horigestem\/wp-json\/wp\/v2\/users\/2"}],"replies":[{"embeddable":true,"href":"https:\/\/gender-ict.net\/horigestem\/wp-json\/wp\/v2\/comments?post=172"}],"version-history":[{"count":12,"href":"https:\/\/gender-ict.net\/horigestem\/wp-json\/wp\/v2\/pages\/172\/revisions"}],"predecessor-version":[{"id":1122,"href":"https:\/\/gender-ict.net\/horigestem\/wp-json\/wp\/v2\/pages\/172\/revisions\/1122"}],"up":[{"embeddable":true,"href":"https:\/\/gender-ict.net\/horigestem\/wp-json\/wp\/v2\/pages\/167"}],"wp:attachment":[{"href":"https:\/\/gender-ict.net\/horigestem\/wp-json\/wp\/v2\/media?parent=172"}],"curies":[{"name":"wp","href":"https:\/\/api.w.org\/{rel}","templated":true}]}}