{"id":681,"date":"2018-05-31T15:49:01","date_gmt":"2018-05-31T15:49:01","guid":{"rendered":"https:\/\/gender-ict.net\/gestemi\/?page_id=681"},"modified":"2023-05-05T14:48:13","modified_gmt":"2023-05-05T12:48:13","slug":"television","status":"publish","type":"page","link":"https:\/\/gender-ict.net\/gestemi\/medios\/television\/","title":{"rendered":"TELEVISI\u00d3N \/ V\u00cdDEO"},"content":{"rendered":"<p><strong>2022, 17 de septiembre. <\/strong>TRIVULGANDO &#8211; YouTube. La investigadora principal de GESTEMI, <a href=\"https:\/\/gender-ict.net\/people\/milagros-sainz\/\" target=\"_blank\" rel=\"noopener\">Milagros S\u00e1inz<\/a>, ofreci\u00f3 una charla en la edici\u00f3n de 2022 de <a href=\"https:\/\/trivulgando.es\/\" target=\"_blank\" rel=\"noopener\">Trivulg@ando<\/a>, evento de comunicaci\u00f3n cient\u00edfica organizado por Residencia de Estudiantes con la colaboraci\u00f3n de la Fundaci\u00f3n Espa\u00f1ola para la Ciencia y la Tecnolog\u00eda (FECYT). <a href=\"https:\/\/gender-ict.net\/people\/milagros-sainz\/\" target=\"_blank\" rel=\"noopener\">Milagros S\u00e1inz<\/a> present\u00f3 proyectos de divulgaci\u00f3n de la ciencia que promueven la inclusi\u00f3n de la perspectiva de g\u00e9nero. (<strong><a href=\"https:\/\/www.youtube.com\/watch?v=66K8FdSohVk&amp;t=9637s\" target=\"_blank\" rel=\"noopener\">ver v\u00eddeo<\/a><\/strong>)<\/p>\n<p><strong>2022, 30 de junio. <\/strong>Congreso Brecha Salarial \u2013\u00a0 YouTube. <a href=\"https:\/\/gender-ict.net\/people\/milagros-sainz\/\" target=\"_blank\" rel=\"noopener\">Milagros S\u00e1inz<\/a> particip\u00f3 como ponente invitada en el <a href=\"https:\/\/congresobrechasalarial.eus\/es\/home\/\" target=\"_blank\" rel=\"noopener\"><strong>I Congreso sobre Brecha Salarial<\/strong><\/a> con la comunicaci\u00f3n &#8216;El inicio de la brecha, los sesgos en la elecci\u00f3n de estudios\u2019. El evento fue organizado por el Departamento de Trabajo y Empleo del Gobierno Vasco los d\u00edas 22 y 23 de junio. El programa incluy\u00f3 personas expertas del \u00e1mbito acad\u00e9mico y empresarial, adem\u00e1s de la Vicelehendakari, Idoia Mendia, expertas de ONU Mujeres como Asa Ragn\u00e9r y Ana Pashalishvili, y la presidenta de la Comisi\u00f3n de Igualdad en el Congreso de los Diputados, Carmen Calvo. (<a href=\"https:\/\/youtu.be\/6wwivzE-X2I\" target=\"_blank\" rel=\"noopener\"><strong>ver v\u00eddeo<\/strong><\/a>)<\/p>\n<p><strong>2022, 27 de junio.\u00a0<\/strong> Instituto de las Mujeres &#8211; YouTube. <a href=\"https:\/\/gender-ict.net\/people\/milagros-sainz\/\" target=\"_blank\" rel=\"noopener\">Milagros S\u00e1inz<\/a> ofreci\u00f3 la comunicaci\u00f3n invitada \u00abMujeres, Tecnolog\u00edas y Sociedad Digital\u00bb en el <a href=\"https:\/\/plataformaeufem.com\/\" target=\"_blank\" rel=\"noopener\">VII Encuentro de la Plataforma Universitaria de Estudios Feministas y de G\u00e9nero (EUFEM)<\/a>, que tuvo lugar en la Universidad de La Laguna (ULL) los d\u00edas 27 y 28 de junio de 2022. (<strong><a href=\"https:\/\/youtu.be\/fYjbCfzBafw?t=3802\" target=\"_blank\" rel=\"noopener\">ver v\u00eddeo<\/a><\/strong>)<\/p>\n<p><strong>2022, 9 de junio. <\/strong>Universitat Oberta de Catalunya (UOC) \u2013 YouTube. La investigadora principal de GESTEMI, <a href=\"https:\/\/gender-ict.net\/people\/milagros-sainz\/\" target=\"_blank\" rel=\"noopener\">Milagros S\u00e1inz<\/a>, particip\u00f3 como ponente invitada en el debate <a href=\"https:\/\/symposium.uoc.edu\/83375\/detail\/ciclo-retos-el-fomento-de-las-vocaciones-stem-entre-las-jovenes-.html\" target=\"_blank\" rel=\"noopener\">\u201cEl fomento de las vocaciones STEM entre las j\u00f3venes\u201d<\/a>, organizado en el <a href=\"https:\/\/malaga.impacthub.net\/\" target=\"_blank\" rel=\"noopener\">Impact Hub M\u00e1laga<\/a> por la red territorial de la Universitat Oberta de Catalunya en Andaluc\u00eda. El evento formaba parte del Ciclo RETOS, cuyo objetivo es reflexionar sobre los desaf\u00edos que las organizaciones, la educaci\u00f3n, la econom\u00eda y la sociedad en su conjunto deber\u00e1n afrontar a lo largo de los pr\u00f3ximos a\u00f1os, desde una perspectiva local. Junto a <a href=\"https:\/\/gender-ict.net\/people\/milagros-sainz\/\" target=\"_blank\" rel=\"noopener\">Milagros S\u00e1inz<\/a>, participaron como ponentes <strong>Isabel Cuadrado<\/strong>, profesora de Psicolog\u00eda Social de la Universidad de Almer\u00eda, y <strong>Mari Carmen Aguayo<\/strong>, profesora de Ingenier\u00eda de Telecomunicaciones en la Universidad de M\u00e1laga. (<strong><a href=\"https:\/\/youtu.be\/uBhsEZuo6RI\" target=\"_blank\" rel=\"noopener\">ver v\u00eddeo<\/a><\/strong>)<\/p>\n<p><strong>2022, 4 de marzo.<\/strong>\u00a0PDICIENCIA \u2013 YouTube. La investigadora principal de GESTEMI, <a href=\"https:\/\/gender-ict.net\/people\/milagros-sainz\/\" target=\"_blank\" rel=\"noopener\">Milagros S\u00e1inz<\/a>, participa en un v\u00eddeo creado por <a href=\"https:\/\/www.pdiciencia.com\/\" target=\"_blank\" rel=\"noopener\">PDICIENCIA<\/a> a prop\u00f3sito de la presentaci\u00f3n del libro <em><a href=\"https:\/\/www.fecyt.es\/es\/publicacion\/hacia-una-comunicacion-inclusiva-de-la-ciencia-reflexiones-y-acciones-de-exito\" target=\"_blank\" rel=\"noopener\">Hacia una comunicaci\u00f3n inclusiva de la ciencia: Reflexiones y acciones de \u00e9xito<\/a><\/em>, publicado por la Fundaci\u00f3n Espa\u00f1ola para la Ciencia y la Tecnolog\u00eda (FECYT) y coordinado por Ram\u00f3n Flecha (Universidad de Barcelona). <a href=\"https:\/\/gender-ict.net\/people\/milagros-sainz\/\" target=\"_blank\" rel=\"noopener\">Milagros S\u00e1inz<\/a> es una de las personas expertas que han elaborado la publicaci\u00f3n, una gu\u00eda de buenas pr\u00e1cticas y aspectos a considerar para dise\u00f1ar actividades de divulgaci\u00f3n cient\u00edfica con una perspectiva inclusiva en cuatro \u00e1mbitos: g\u00e9nero y situaci\u00f3n sociocultural, grupos en riesgo de exclusi\u00f3n social, discapacidad y colectivos LGTBI+. \u00a0(<strong><a href=\"https:\/\/www.youtube.com\/watch?v=kZvdjQFbtJo&amp;feature=youtu.be\" target=\"_blank\" rel=\"noopener\">ver v\u00eddeo<\/a><\/strong>)<\/p>\n<p><strong>2022, 15 de febrero.<\/strong> Journal Club FECYT &#8211; YouTube. Debate <a href=\"https:\/\/comunicacioncientifica.fecyt.es\/eventos\/la-trampa-de-la-ciencia-y-las-ninas\" target=\"_blank\" rel=\"noopener\">\u00abLa trampa de la ciencia y las ni\u00f1as.\u00a0 Aspiraciones, referentes y estereotipos\u00bb<\/a>, organizado por la Fundaci\u00f3n Espa\u00f1ola para la Ciencia y la Tecnolog\u00eda (FECYT) con <a href=\"https:\/\/gender-ict.net\/people\/milagros-sainz\/\" target=\"_blank\" rel=\"noopener\">Milagros S\u00e1inz<\/a> como experta invitada para analizar las conclusiones de la literatura cient\u00edfica sobre c\u00f3mo fomentar las aspiraciones cient\u00edficas de las ni\u00f1as desde la educaci\u00f3n y la comunicaci\u00f3n y la eficacia de mostrar referentes STEM. (<strong><a href=\"https:\/\/youtu.be\/OIBDMPu-lEI\" target=\"_blank\" rel=\"noopener\">ver v\u00eddeo<\/a><\/strong>)<\/p>\n<p><strong>2021, 30 de septiembre. <\/strong>Grupo de investigaci\u00f3n GRIAL \u2013 YouTube. <a href=\"https:\/\/gender-ict.net\/people\/milagros-sainz\/\" target=\"_blank\" rel=\"noopener\">Milagros S\u00e1inz<\/a> particip\u00f3 en la mesa redonda \u201cG\u00e9nero y Diversidad\u201d en las\u00a0<a href=\"https:\/\/coeducacion.grial.eu\/i-jornadas-internacionales-de-innovacion-educativa-con-perspectiva-de-genero\/\" target=\"_blank\" rel=\"noopener\">I Jornadas Internacionales de innovaci\u00f3n educativa con perspectiva de g\u00e9nero<\/a>\u00a0organizadas por el grupo de investigaci\u00f3n GRIAL de la Universidad de Salamanca. La presentaci\u00f3n de <a href=\"https:\/\/gender-ict.net\/people\/milagros-sainz\/\" target=\"_blank\" rel=\"noopener\">Milagros S\u00e1inz<\/a> \u201cImportancia de exponer a los j\u00f3venes a role models (referentes) femeninos\u201d puede verse <strong><a href=\"https:\/\/youtu.be\/T-EbLV-uzc0?t=900\" target=\"_blank\" rel=\"noopener\">en este video<\/a><\/strong>\u00a0(minuto 00:15:00).<\/p>\n<p><strong>2021, 15 de marzo.<\/strong> FECYT Facebook Live. Debate #FECYTedu #coNtest \u00ab\u00bfC\u00f3mo formentar la inclusi\u00f3n en el aula? Ejes: g\u00e9nero, etnia, socioecon\u00f3mico\u00bb, organizado por la <a href=\"https:\/\/www.fecyt.es\/\" target=\"_blank\" rel=\"noopener\">Fundaci\u00f3n Espa\u00f1ola para la Ciencia y la Tecnolog\u00eda (FECYT)<\/a> con la intervenci\u00f3n invitada de la directora de GenTIC e investigadora principal de GESTEMI, <a href=\"https:\/\/gender-ict.net\/people\/milagros-sainz\/\" target=\"_blank\" rel=\"noopener\">Milagros S\u00e1inz<\/a>, y la investigadora de la Universitat Aut\u00f2noma de Barcelona <a href=\"http:\/\/www.cermigracions.org\/es\/team\/teresa-sord%C3%A9-mart%C3%AD\" target=\"_blank\" rel=\"noopener\">Teresa Sord\u00e9<\/a>. (<strong><a href=\"https:\/\/www.facebook.com\/172295009467648\/videos\/1158949494550393\" target=\"_blank\" rel=\"noopener\">ver v\u00eddeo<\/a><\/strong>)<\/p>\n<p><strong>2021, 26 de enero. <\/strong>Instituto de las Mujeres &#8211; YouTube. <a style=\"font-style: inherit; font-weight: inherit;\" href=\"https:\/\/youtu.be\/C5QMk9Z5ehY\" target=\"_blank\" rel=\"noopener\">Seminario \u201cLas mujeres en el sector de los videojuegos\u201d \u2013\u00a0 Sesi\u00f3n 1<\/a>. Ponencia invitada de\u00a0<a href=\"https:\/\/gender-ict.net\/people\/milagros-sainz\/\" target=\"_blank\" rel=\"noopener\">Milagros S\u00e1inz<\/a>, en que analiza la imagen y la situaci\u00f3n actual de las mujeres en el sector de los videojuegos. El seminario estuvo moderado por\u00a0<a href=\"https:\/\/twitter.com\/BeatrizGimeno1\" target=\"_blank\" rel=\"noopener\">Beatriz Gimeno<\/a>, directora del Instituto de las Mujeres (Ministerio de Igualdad), y cont\u00f3 tambi\u00e9n con la participaci\u00f3n Mar\u00eda Rubio M\u00e9ndez, coordinadora de <a href=\"http:\/\/www.ludosofia.org\/\" target=\"_blank\" rel=\"noopener\">Ludosof\u00eda<\/a>, Beatriz Leger\u00e9n Lago, doctora en Comunicaci\u00f3n Audiovisual, y <a href=\"https:\/\/twitter.com\/MartaTrivi\" target=\"_blank\" rel=\"noopener\">Marta Trivi<\/a>, miembro de\u00a0<a href=\"https:\/\/www.anaitgames.com\/\" target=\"_blank\" rel=\"noopener\">AnaitGames<\/a>. (<a href=\"https:\/\/youtu.be\/C5QMk9Z5ehY\" target=\"_blank\" rel=\"noopener\"><strong style=\"font-style: inherit;\">ver v\u00eddeo<\/strong><\/a>)<\/p>\n<p><strong>2020, 29 de octubre. <\/strong>AVTE USC &#8211; YouTube. Presentaci\u00f3n de\u00a0<a href=\"https:\/\/gender-ict.net\/people\/milagros-sainz\/\" target=\"_blank\" rel=\"noopener noreferrer\">Milagros S\u00e1inz<\/a> en el <a href=\"https:\/\/youtu.be\/_if8mPD4w8U\" target=\"_blank\" rel=\"noopener noreferrer\">Congreso Innovatia 8.3 y acto de entrega de la III edici\u00f3n del Consurso Innovatia 8.3<\/a>, dentro de la mesa redonda \u00abCrisis Covid, la necesidad de una econom\u00eda feminista\u00bb.\u00a0(<strong><a href=\"https:\/\/youtu.be\/_if8mPD4w8U\" target=\"_blank\" rel=\"noopener noreferrer\">ver v\u00eddeo<\/a><\/strong>)<\/p>\n<p><strong>2019, 25 de junio.<\/strong> Canal UNED. Efectos y eficacia de las intervenciones para incrementar el inter\u00e9s de las j\u00f3venes por los estudios y profesiones cient\u00edficas y tecnol\u00f3gicas. <a href=\"https:\/\/gender-ict.net\/people\/milagros-sainz\/\" target=\"_blank\" rel=\"noopener\">Milagros S\u00e1inz<\/a> presenta el proyecto GESTEMI en las <a href=\"https:\/\/gender-ict.net\/gestemi\/2019\/05\/presentacion-del-proyecto-gestemi-en-las-jornadas-fem-idi-2019-de-la-uned\/\" target=\"_blank\" rel=\"noopener\">Jornadas I+D+I FEM 2019<\/a> organizadas por el Centro de Estudios de G\u00e9nero de la UNED.\u00a0(<strong><a href=\"https:\/\/canal.uned.es\/video\/5d149298a3eeb0d81d8b4567\" target=\"_blank\" rel=\"noopener\">ver v\u00eddeo<\/a><\/strong>)<\/p>\n<p><strong>2019, 12 de marzo.<\/strong> \u00abValor afegit\u00bb TV3. Entrevista a Milagros S\u00e1inz sobre la inclusi\u00f3n de una perspectiva de g\u00e9nero en todos los aspectos de la sociedad. (<a href=\"https:\/\/www.ccma.cat\/tv3\/alacarta\/valor-afegit\/valor-afegit-12032019\/video\/5830738\/\" target=\"_blank\" rel=\"noopener noreferrer\"><strong>ver v\u00eddeo<\/strong><\/a> &#8211; min. 10:42)<\/p>\n<p><strong>2019, 27 de febrero. <\/strong>\u00abLa aventura del saber\u00bb La 2 RTVE. Participaci\u00f3n de Milagros S\u00e1inz en el <a href=\"https:\/\/gender-ict.net\/gestemi\/2019\/01\/participacion-en-scientix-2019\/\" target=\"_blank\" rel=\"noopener\">II Congreso Nacional Scientix 2019<\/a>. (<strong><a href=\"http:\/\/www.rtve.es\/alacarta\/videos\/la-aventura-del-saber\/aventura-del-saber-congreso-nacional-scientix\/5019659\/\" target=\"_blank\" rel=\"noopener noreferrer\">ver v\u00eddeo<\/a><\/strong> &#8211; min. 00:00:35 a 00:01:34)<\/p>\n<p><strong>2019, 3 de febrero.<\/strong> FECYT ciencia &#8211; YouTube. Presentaci\u00f3n de Milagros S\u00e1inz en el <a href=\"https:\/\/gender-ict.net\/gestemi\/2019\/01\/participacion-en-scientix-2019\/\" target=\"_blank\" rel=\"noopener\">II Congreso Nacional Scientix 2019<\/a> sobre los factores que dificultan la participaci\u00f3n de las mujeres en los \u00e1mbitos STEM. (<strong><a href=\"https:\/\/www.youtube.com\/watch?time_continue=2205&amp;v=HM_vWDSFYps\" target=\"_blank\" rel=\"noopener noreferrer\">ver v\u00eddeo<\/a><\/strong>)<\/p>\n<p>&nbsp;<\/p>\n","protected":false},"excerpt":{"rendered":"<p>2022, 17 de septiembre. TRIVULGANDO &#8211; YouTube. La investigadora principal de GESTEMI, Milagros S\u00e1inz, ofreci\u00f3 una charla en la edici\u00f3n de 2022 de Trivulg@ando, evento de comunicaci\u00f3n cient\u00edfica organizado por Residencia de Estudiantes con la colaboraci\u00f3n de la Fundaci\u00f3n Espa\u00f1ola para la Ciencia y la Tecnolog\u00eda (FECYT). Milagros S\u00e1inz present\u00f3 proyectos de divulgaci\u00f3n de la &hellip; <a href=\"https:\/\/gender-ict.net\/gestemi\/medios\/television\/\" class=\"more-link\">Contin\u00faa leyendo <span class=\"screen-reader-text\">TELEVISI\u00d3N \/ V\u00cdDEO<\/span><\/a><\/p>\n","protected":false},"author":1,"featured_media":669,"parent":414,"menu_order":0,"comment_status":"closed","ping_status":"closed","template":"page-templates\/full-width-page.php","meta":{"_monsterinsights_skip_tracking":false,"_monsterinsights_sitenote_active":false,"_monsterinsights_sitenote_note":"","_monsterinsights_sitenote_category":0,"footnotes":""},"class_list":["post-681","page","type-page","status-publish","has-post-thumbnail","hentry"],"_links":{"self":[{"href":"https:\/\/gender-ict.net\/gestemi\/wp-json\/wp\/v2\/pages\/681","targetHints":{"allow":["GET"]}}],"collection":[{"href":"https:\/\/gender-ict.net\/gestemi\/wp-json\/wp\/v2\/pages"}],"about":[{"href":"https:\/\/gender-ict.net\/gestemi\/wp-json\/wp\/v2\/types\/page"}],"author":[{"embeddable":true,"href":"https:\/\/gender-ict.net\/gestemi\/wp-json\/wp\/v2\/users\/1"}],"replies":[{"embeddable":true,"href":"https:\/\/gender-ict.net\/gestemi\/wp-json\/wp\/v2\/comments?post=681"}],"version-history":[{"count":29,"href":"https:\/\/gender-ict.net\/gestemi\/wp-json\/wp\/v2\/pages\/681\/revisions"}],"predecessor-version":[{"id":3149,"href":"https:\/\/gender-ict.net\/gestemi\/wp-json\/wp\/v2\/pages\/681\/revisions\/3149"}],"up":[{"embeddable":true,"href":"https:\/\/gender-ict.net\/gestemi\/wp-json\/wp\/v2\/pages\/414"}],"wp:featuredmedia":[{"embeddable":true,"href":"https:\/\/gender-ict.net\/gestemi\/wp-json\/wp\/v2\/media\/669"}],"wp:attachment":[{"href":"https:\/\/gender-ict.net\/gestemi\/wp-json\/wp\/v2\/media?parent=681"}],"curies":[{"name":"wp","href":"https:\/\/api.w.org\/{rel}","templated":true}]}}