{"id":3049,"date":"2022-12-12T16:35:26","date_gmt":"2022-12-12T14:35:26","guid":{"rendered":"https:\/\/gender-ict.net\/gestemi\/?page_id=3049"},"modified":"2023-05-05T14:00:41","modified_gmt":"2023-05-05T12:00:41","slug":"jornadas-y-eventos-de-comunicacion-cientifica","status":"publish","type":"page","link":"https:\/\/gender-ict.net\/gestemi\/resultados\/jornadas-y-eventos-de-comunicacion-cientifica\/","title":{"rendered":"Jornadas y eventos de comunicaci\u00f3n cient\u00edfica"},"content":{"rendered":"<p><strong>Consulta las jornadas, seminarios y otros eventos de divulgaci\u00f3n cient\u00edfica en los que hemos participado para trasladar el conocimiento del proyecto GESTEMI a la administraci\u00f3n p\u00fablica, empresas, entidades sociales y ciudadan\u00eda:<\/strong><\/p>\n<p>S\u00e1inz, M. [Milagros] (2022, 17 de septiembre). \u00abProyectos que promueven la inclusi\u00f3n de la perspectiva de g\u00e9nero\u00bb, charla invitada en\u00a0<a href=\"https:\/\/trivulgando.es\/\" target=\"_blank\" rel=\"noopener\">Trivulg@ando<\/a>, evento sobre divulgaci\u00f3n de la ciencia organizado en Madrid por La Residencia de Estudiantes con la colaboraci\u00f3n de la Fundaci\u00f3n Espa\u00f1ola para la Ciencia y la Tecnolog\u00eda (FECYT). <a href=\"https:\/\/trivulgando.es\/#programa\" target=\"_blank\" rel=\"noopener\">https:\/\/trivulgando.es\/#programa<\/a><br \/>\n<a href=\"https:\/\/youtu.be\/66K8FdSohVk?t=9637\" target=\"_blank\" rel=\"noopener\">Ver v\u00eddeo<\/a>.<br \/>\n<strong><a href=\"https:\/\/gender-ict.net\/gestemi\/2022\/09\/divulgacion-cientifica-con-perspectiva-de-genero-en-trivulgndo\/\" target=\"_blank\" rel=\"noopener\">Noticia relacionada<\/a><\/strong><\/p>\n<p>S\u00e1inz, M. [Milagros] (2022, 27 de junio). \u201cMujeres, Tecnolog\u00edas y Sociedad Digital\u201d, comunicaci\u00f3n invitada en el\u00a0<a href=\"https:\/\/plataformaeufem.com\/\" target=\"_blank\" rel=\"noopener\">VII Encuentro de la Plataforma Universitaria de Estudios Feministas y de G\u00e9nero (EUFEM)<\/a>, organizado en la Universidad de La Laguna (ULL) los d\u00edas 27-28 de junio de 2022.\u00a0<a href=\"https:\/\/plataformaeufem.com\/programa\/\" target=\"_blank\" rel=\"noopener\">https:\/\/plataformaeufem.com\/programa\/<\/a><br \/>\n<a href=\"https:\/\/www.youtube.com\/watch?v=fYjbCfzBafw&amp;t=3802s\" target=\"_blank\" rel=\"noopener\">Ver v\u00eddeo<\/a>.<br \/>\n<a href=\"https:\/\/gender-ict.net\/gestemi\/2022\/07\/presentacion-sobre-mujeres-tecnologias-y-sociedad-digital-en-el-vii-encuentro-de-la-plataforma-eufem\/\" target=\"_blank\" rel=\"noopener\"><strong>Noticia relacionada<\/strong><\/a><\/p>\n<p><span lang=\"ES\" style=\"font-family: 'PT Sans',sans-serif;\">S\u00e1inz, M. [Milagros] (2022, 22 de junio). \u201cEl inicio de la brecha, los sesgos en la elecci\u00f3n de estudios\u201d, ponencia invitada en el\u00a0<a href=\"https:\/\/congresobrechasalarial.eus\/es\/home\/\" target=\"_blank\" rel=\"noopener\">I Congreso sobre Brecha Salarial<\/a>, organizado por el Departamento de Trabajo y Empleo del Gobierno Vasco los d\u00edas 22-23 de junio de 2022. <a href=\"https:\/\/congresobrechasalarial.eus\/es\/home\/\" target=\"_blank\" rel=\"noopener\">https:\/\/congresobrechasalarial.eus\/es\/home\/#<\/a><\/span><br \/>\n<span lang=\"ES\" style=\"font-family: 'PT Sans',sans-serif;\"><a href=\"https:\/\/youtu.be\/6wwivzE-X2I\" target=\"_blank\" rel=\"noopener\">Ver v\u00eddeo.<\/a><br \/>\n<strong><span style=\"font-family: 'PT Sans',sans-serif;\"><a href=\"https:\/\/gender-ict.net\/gestemi\/2022\/06\/participacion-en-el-i-congreso-sobre-brecha-salarial\/\" target=\"_blank\" rel=\"noopener\">Noticia relacionada<\/a><\/span><\/strong><\/span><\/p>\n<p>S\u00e1inz, M. [Milagros] (2022, 9 de junio). Participaci\u00f3n invitada en el debate \u201c<a href=\"https:\/\/symposium.uoc.edu\/83375\/detail\/ciclo-retos-fomentar-el-interes-de-las-jovenes-por-la-ciencia-.html\" target=\"_blank\" rel=\"noopener\">El fomento de las vocaciones STEM entre las j\u00f3venes<\/a>\u201d dentro del Ciclo Retos, organizado por la Universitat Oberta de Catalunya con la colaboraci\u00f3n del Impact Hub M\u00e1laga. <a href=\"https:\/\/youtu.be\/uBhsEZuo6RI\" target=\"_blank\" rel=\"noopener\">Ver v\u00eddeo<\/a>.<br \/>\n<strong><a href=\"https:\/\/gender-ict.net\/gestemi\/2022\/06\/debate-en-el-ciclo-retos-sobre-el-fomento-de-las-vocaciones-stem-entre-las-jovenes\/\" target=\"_blank\" rel=\"noopener\">Noticia relacionada<\/a><\/strong><\/p>\n<p>S\u00e1inz, M. [Milagros] (2022, 15 de febrero). Participaci\u00f3n como experta invitada en el\u00a0<a href=\"https:\/\/comunicacioncientifica.fecyt.es\/eventos\/la-trampa-de-la-ciencia-y-las-ninas\" target=\"_blank\" rel=\"noopener\">Journal Club FECYT \u00abLa trampa de la ciencia y las ni\u00f1as. Aspiraciones, referentes y estereotipos\u00bb<\/a>, evento de comunicaci\u00f3n cient\u00edfica organizado por la Fundaci\u00f3n Espa\u00f1ola para la Ciencia y la Tecnolog\u00eda (FECYT). <a href=\"https:\/\/youtu.be\/OIBDMPu-lEI\" target=\"_blank\" rel=\"noopener\">Ver v\u00eddeo.<\/a><br \/>\n<strong><a href=\"https:\/\/gender-ict.net\/gestemi\/2022\/02\/journal-club-fecyt-la-trampa-de-la-ciencia-y-las-ninas\/\" target=\"_blank\" rel=\"noopener\">Noticia relacionada<\/a><\/strong><\/p>\n<p>S\u00e1inz, M. [Milagros] (2021, 30 de septiembre). Importancia de exponer a los j\u00f3venes a role models (referentes) femeninos. Ponencia invitada en la mesa redonda \u201cMujer, educaci\u00f3n y tecnolog\u00eda en tiempos de COVID\u201d. I Jornadas Internacionales de innovaci\u00f3n educativa.\u00a0 Salamanca.\u00a0 <a href=\"https:\/\/coeducacion.grial.eu\/i-jornadas-internacionales-de-innovacion-educativa-con-perspectiva-de-genero\/\" target=\"_blank\" rel=\"noopener\">https:\/\/coeducacion.grial.eu\/i-jornadas-internacionales-de-innovacion-educativa-con-perspectiva-de-genero\/<\/a><\/p>\n<p>S\u00e1inz, M. [Milagros] (2021, 28 de abril). Presentaci\u00f3n invitada en \u201cEncuentro 20 WaWa. La educaci\u00f3n de las ni\u00f1as\u201d, con Paula G\u00f3mez de la B\u00e1rcena, directora de Fundaci\u00f3n Inspiring Girls, Ruth Mateos y Susana Gonz\u00e1lez, profesoras de la Universidad CEU San Pablo.<br \/>\n<strong><a href=\"https:\/\/gender-ict.net\/gestemi\/2021\/05\/participacion-en-el-encuentro-20-wawa-la-educacion-de-las-ninas\/\" target=\"_blank\" rel=\"noopener\">Noticia relacionada<\/a><\/strong><\/p>\n<p>S\u00e1inz, M. [Milagros] (2021, 15 de marzo).\u00a0<em>\u00bfC\u00f3mo fomentar la inclusi\u00f3n en el aula? Ejes: g\u00e9nero, etnia, nivel socioecon\u00f3mico<\/em>\u00a0[Confer\u00e8ncia]. Participaci\u00f3n como experta invitada en el evento de divulgaci\u00f3n cient\u00edfica #FECYTEdu, organizado por la Fundaci\u00f3n Espa\u00f1ola para la Ciencia y la Tecnolog\u00eda (FECYT) en su\u00a0<a href=\"https:\/\/www.facebook.com\/events\/278884593813096\" target=\"_blank\" rel=\"noopener\">canal de Facebook Live<\/a>.\u00a0<a href=\"https:\/\/www.facebook.com\/172295009467648\/videos\/1158949494550393\" target=\"_blank\" rel=\"noopener\">Ver v\u00eddeo<\/a>.<br \/>\nLee el art\u00edculo Milagros S\u00e1inz en el <a href=\"https:\/\/gender-ict.net\/gestemi\/2021\/03\/debate-fecytedu-contest-como-fomentar-la-inclusion-en-el-aula\/\" target=\"_blank\" rel=\"noopener\">blog #FECYTEdu de FECYT<\/a>.<br \/>\n<a href=\"https:\/\/gender-ict.net\/gestemi\/2021\/03\/debate-fecytedu-contest-como-fomentar-la-inclusion-en-el-aula\/\" target=\"_blank\" rel=\"noopener\"><strong>Noticia relacionada<\/strong><\/a><\/p>\n<p>S\u00e1inz, M. [Milagros] (2021, 26 de enero). Conferencia invitada en el\u00a0<a href=\"https:\/\/www.inmujer.gob.es\/areasTematicas\/SocInfo\/SeminariosEncuentros\/docs\/SeminarioMujeresVideojuegos2021\/DISENO_PROGRAMA_Seminario_V04.pdf\" target=\"_blank\" rel=\"noopener\">Seminario online \u201cLas mujeres en el sector de los videojuegos\u201d<\/a>, organizado por el Instituto de las Mujeres. <a href=\"https:\/\/youtu.be\/C5QMk9Z5ehY\" target=\"_blank\" rel=\"noopener\">Ver v\u00eddeo<\/a>.<\/p>\n<p>S\u00e1inz, M. [Milagros] (2020, 16 de junio).\u00a0<em>Tecnolog\u00eda, G\u00e9nero y Sostenibilidad<\/em>\u00a0[Webinario]. Fundaci\u00f3n ONCE. Programa Radia.\u00a0<a href=\"https:\/\/www.radia.university\/contenidos\/webinars\" target=\"_blank\" rel=\"noopener\">https:\/\/www.radia.university\/contenidos\/webinars<\/a><br \/>\n<strong><a href=\"https:\/\/gender-ict.net\/gestemi\/2020\/06\/seminarios-sobre-genero-y-tecnologia-en-el-programa-radia\/\" target=\"_blank\" rel=\"noopener\">Noticia relacionada<\/a><\/strong><\/p>\n<p>S\u00e1inz, M. [Milagros] (2020, 2 de junio).\u00a0<em>Tecnolog\u00eda e Identidad de G\u00e9nero<\/em> [Webinario]. Fundaci\u00f3n ONCE. Programa Radia. <a href=\"https:\/\/youtu.be\/cnGxm_9K-lA\" target=\"_blank\" rel=\"noopener\">Ver v\u00eddeo<\/a>.<br \/>\n<strong><a href=\"https:\/\/gender-ict.net\/gestemi\/2020\/06\/seminarios-sobre-genero-y-tecnologia-en-el-programa-radia\/\">Noticia relacionada<\/a><\/strong><\/p>\n<p>S\u00e1inz, M. [Milagros] (2020, 30 de enero).\u00a0<em>Mesa redonda \u201cWomen inclusion in tech roles.\u00a0Call for action: we design the future!\u201d\u00a0<\/em>[Conferencia]. McKinsey &amp; Company, Madrid, Espa\u00f1a.\u00a0<a href=\"https:\/\/gender-ict.net\/gestemi\/2020\/02\/debate-sobre-la-inclusion-de-las-mujeres-en-el-sector-tecnologico-con-mckinsey-company\/\" target=\"_blank\" rel=\"noopener\">https:\/\/gender-ict.net\/gestemi\/2020\/02\/debate-sobre-la-inclusion-de-las-mujeres-en-el-sector-tecnologico-con-mckinsey-company\/<\/a><br \/>\n<strong><a href=\"https:\/\/gender-ict.net\/gestemi\/2020\/02\/debate-sobre-la-inclusion-de-las-mujeres-en-el-sector-tecnologico-con-mckinsey-company\/\" target=\"_blank\" rel=\"noopener\">Noticia relacionada<\/a><\/strong><\/p>\n<p>S\u00e1inz, M. [Milagros] (2019, 8 de octubre).\u00a0<em>Vocaciones cient\u00edficas y tecnol\u00f3gicas de las ni\u00f1as y las chicas, antes y despu\u00e9s de la elecci\u00f3n de estudios postobligatorios<\/em>. Ada Lovelace\u2019s Day. MediaLab Prado, Madrid, Espa\u00f1a.\u00a0<a href=\"https:\/\/www.medialab-prado.es\/en\/node\/50677\" target=\"_blank\" rel=\"noopener\">https:\/\/www.medialab-prado.es\/en\/node\/50677<\/a><br \/>\n<strong><a href=\"https:\/\/gender-ict.net\/gestemi\/2019\/10\/mesa-redonda-sobre-la-brecha-de-genero-en-ciencia-y-tecnologia\/\" target=\"_blank\" rel=\"noopener\">Noticia relacionada<\/a><\/strong><\/p>\n<p>S\u00e1inz, M. [Milagros] (2019, 23 de julio).\u00a0<em>G\u00e9nero y TIC: \u00bfuna cuesti\u00f3n de diferentes preferencias de las estudiantes?\u00a0<\/em>[Conferencia]. Cursos de Verano de El Escorial. Universidad Complutense de Madrid, Madrid, Espa\u00f1a.<br \/>\n<strong><a href=\"https:\/\/gender-ict.net\/gestemi\/2019\/07\/curso-de-verano-en-el-escorial-mujeres-estudiantes-universitarias-retos-pendientes\/\" target=\"_blank\" rel=\"noopener\">Noticia relacionada<\/a><\/strong><\/p>\n<p>S\u00e1inz, M. [Milagros] (2019, 10 de julio). Promoting women in research and science. IN3 Open Workshop for Young Researchers 2019. <a href=\"https:\/\/www.uoc.edu\/portal\/en\/agenda\/2019\/agenda_351.html\" target=\"_blank\" rel=\"noopener\">https:\/\/www.uoc.edu\/portal\/en\/agenda\/2019\/agenda_351.html<\/a><\/p>\n<p>S\u00e1inz, M. [Milagros] (2019, 4 de julio). Comunicaci\u00f3n invitada en la Networking Session\u00a0<a href=\"http:\/\/www.ctecno.cat\/esmorzar-networking-la-propera-revolucio-digital-les-dones-tic\/\" target=\"_blank\" rel=\"noopener\">\u201cLa propera revoluci\u00f3 digital: les dones TIC\u201d<\/a>\u00a0[Conferencia]. Cercle Tecnol\u00f2gic de Catalunya\u00a0(CTecno) y Barcelona Activa, Barcelona, Espa\u00f1a.\u00a0<a href=\"https:\/\/www.ctecno.cat\/esmorzar-networking-la-propera-revolucio-digital-les-dones-tic\/\" target=\"_blank\" rel=\"noopener\">https:\/\/www.ctecno.cat\/esmorzar-networking-la-propera-revolucio-digital-les-dones-tic\/<\/a><br \/>\n<strong><a href=\"https:\/\/gender-ict.net\/gestemi\/2019\/07\/sesion-de-networking-la-proxima-revolucion-digital-las-mujeres-tic\/\" target=\"_blank\" rel=\"noopener\">Noticia relacionada<\/a><\/strong><\/p>\n<p>S\u00e1inz, M. [Milagros] (2019, 27 y 28 de junio). Ponencia invitada a la mesa redonda \u201cMujer y Ciencia\u201d [Woman and Science]. <a href=\"http:\/\/eventos.crue.org\/35259\/detail\/jornada-tecnica-de-redotri.html\" target=\"_blank\" rel=\"noopener\">Jornadas T\u00e9cnicas RedOTRI<\/a>. Crue Universidades espa\u00f1olas. RedOTRI. Universidad Polit\u00e9cnica de Madrid, Madrid, Spain. <a href=\"https:\/\/eventos.crue.org\/35259\/detail\/jornada-tecnica-de-redotri.html\" target=\"_blank\" rel=\"noopener\">https:\/\/eventos.crue.org\/35259\/detail\/jornada-tecnica-de-redotri.html<\/a><\/p>\n<p>S\u00e1inz, M. [Milagros] (2019, 24, 25 y 26 de junio).\u00a0<em>Efectos y eficacia de las intervenciones para incrementar el inter\u00e9s de las j\u00f3venes por los estudios y profesiones cient\u00edficas y tecnol\u00f3gicas (FEM2017-84589-R)\u00a0<\/em>[Conferencia].\u00a0<a href=\"http:\/\/portal.uned.es\/portal\/page?_pageid=93,70584052&amp;_dad=portal&amp;_schema=PORTAL\" target=\"_blank\" rel=\"noopener\">Jornadas I+D+i FEM 2019<\/a>. UNED. Centro de Estudios de G\u00e9nero, Madrid, Espa\u00f1a.\u00a0<a href=\"http:\/\/portal.uned.es\/portal\/page?_pageid=93,70584052&amp;_dad=portal&amp;_schema=PORTAL\" target=\"_blank\" rel=\"noopener\">http:\/\/portal.uned.es\/portal\/page?_pageid=93,70584052&amp;_dad=portal&amp;_schema=PORTAL<\/a><br \/>\n<strong><a href=\"https:\/\/gender-ict.net\/gestemi\/2019\/05\/presentacion-del-proyecto-gestemi-en-las-jornadas-fem-idi-2019-de-la-uned\/\" target=\"_blank\" rel=\"noopener\">Noticia relacionada<\/a><\/strong><\/p>\n<p>S\u00e1inz, M. [Milagros] (2019, 3 de abril).\u00a0<em><a href=\"https:\/\/youtu.be\/0SNNKcxBGAU\" target=\"_blank\" rel=\"noopener\">Vocaciones cient\u00edficas y tecnol\u00f3gicas: factores condicionantes de las presencias y ausencias de las mujeres en \u00e1mbitos STEM<\/a><\/em>\u00a0[Conferencia].\u00a0<u>Coloquio Vocaciones cient\u00edficas STEM en la juventud andaluza<\/u>. Centro de Estudios Andaluces de la Consejer\u00eda de la Presidencia, Administraci\u00f3n P\u00fablica e Interior, Sevilla, Espa\u00f1a. <a href=\"https:\/\/www.centrodeestudiosandaluces.es\/noticias\/se-buscan-cientificas-tecnologas-ingenieras-y-matematicas\" target=\"_blank\" rel=\"noopener\">https:\/\/www.centrodeestudiosandaluces.es\/noticias\/se-buscan-cientificas-tecnologas-ingenieras-y-matematicas<\/a><br \/>\n<strong><a href=\"https:\/\/gender-ict.net\/gestemi\/2019\/03\/coloquio-vocaciones-stem-en-las-jovenes-andaluzas-ciencia-tecnologia-ingenieria-y-matematicas\/\" target=\"_blank\" rel=\"noopener\">Noticia relacionada<\/a><\/strong><\/p>\n<p>Gallego-Arias, M. C. [Mar\u00eda del Carmen], y Meli\u00e1n, E. [Efrem] (2019, 1 de marzo). Taller \u201cTodas las personas podemos ser cient\u00edficas: c\u00f3mo romper estereotipos\u201d. The Youth Mobile Festival (YOMO), Barcelona, Espa\u00f1a.\u00a0<a href=\"https:\/\/gender-ict.net\/gestemi\/2019\/03\/taller-sobre-estereotipos-de-genero-y-ciencia-en-el-festival-yomo\/\" target=\"_blank\" rel=\"noopener\">https:\/\/gender-ict.net\/gestemi\/2019\/03\/taller-sobre-estereotipos-de-genero-y-ciencia-en-el-festival-yomo\/<\/a><br \/>\n<strong><a href=\"https:\/\/gender-ict.net\/gestemi\/2019\/03\/taller-sobre-estereotipos-de-genero-y-ciencia-en-el-festival-yomo\/\" target=\"_blank\" rel=\"noopener\">Noticia relacionada<\/a><\/strong><\/p>\n<p>S\u00e1inz, M. [Milagros] (2019, 2-3 de febrero).\u00a0<em>Factores que desaniman a mujeres en \u00e1mbitos cient\u00edficos y tecnol\u00f3gicos<\/em>. Mesa Redonda \u201cG\u00e9nero y STEM\u201d.\u00a0<u>II Congreso Nacional Scientix 2019<\/u>, Madrid, Espa\u00f1a.\u00a0<a href=\"https:\/\/intef.es\/Noticias\/ii-congreso-nacional-scientix-2019-programa-definitivo-y-ubicacion-del-evento\/\" target=\"_blank\" rel=\"noopener\">https:\/\/intef.es\/Noticias\/ii-congreso-nacional-scientix-2019-programa-definitivo-y-ubicacion-del-evento\/<\/a><br \/>\n<strong><a href=\"https:\/\/gender-ict.net\/gestemi\/2019\/01\/participacion-en-scientix-2019\/\" target=\"_blank\" rel=\"noopener\">Noticia relacionada<\/a><\/strong><\/p>\n<p>S\u00e1inz, M. [Milagros] (2019, 8 de enero).\u00a0<em>Interventions to increase girls\u2019 interest in STEM<\/em>\u00a0[Conferencia]. Seminar \u201cStrategies to increase girls\u2019 interest in STEM\u201d. Universitat Oberta de Catalunya, Barcelona, Espa\u00f1a.\u00a0<a href=\"https:\/\/gender-ict.net\/gestemi\/2018\/12\/seminario-estrategias-para-incrementar-el-interes-de-las-ninas-en-ciencia-y-tecnologia\/\" target=\"_blank\" rel=\"noopener\">https:\/\/gender-ict.net\/gestemi\/2018\/12\/seminario-estrategias-para-incrementar-el-interes-de-las-ninas-en-ciencia-y-tecnologia\/<\/a><br \/>\n<strong><a href=\"https:\/\/gender-ict.net\/gestemi\/2019\/01\/seminario-estrategias-para-aumentar-el-interes-de-las-ninas-en-stem-con-janet-hyde\/\" target=\"_blank\" rel=\"noopener\">Noticia relacionada<\/a><\/strong><\/p>\n<p>S\u00e1inz, M. [Milagros] (2018, 10 de diciembre).\u00a0<em>La brecha de g\u00e9nero en los estudios de la ciencia, la tecnolog\u00eda, el lenguaje y la inform\u00e1tica\u00a0<\/em>[Conferencia]. Jornada \u201cHackea los estereotipos\u201d,\u00a0<a href=\"https:\/\/mujerestech.com\/quienes-somos\/\" target=\"_blank\" rel=\"noopener\">Asociaci\u00f3n Mujeres Tech<\/a>\u00a0y\u00a0<a href=\"https:\/\/www.iie.es\/\" target=\"_blank\" rel=\"noopener\">International Institute<\/a>, Madrid, Espa\u00f1a.\u00a0<a href=\"https:\/\/www.iie.es\/event\/hackea-los-estereotipos\/\" target=\"_blank\" rel=\"noopener\">https:\/\/www.iie.es\/event\/hackea-los-estereotipos\/<\/a><br \/>\n<strong><a href=\"https:\/\/gender-ict.net\/gestemi\/2018\/12\/participacion-en-la-jornada-hackea-los-estereotipos\/\" target=\"_blank\" rel=\"noopener\">Noticia relacionada<\/a><\/strong><\/p>\n<p>&nbsp;<\/p>\n","protected":false},"excerpt":{"rendered":"<p>Consulta las jornadas, seminarios y otros eventos de divulgaci\u00f3n cient\u00edfica en los que hemos participado para trasladar el conocimiento del proyecto GESTEMI a la administraci\u00f3n p\u00fablica, empresas, entidades sociales y ciudadan\u00eda: S\u00e1inz, M. [Milagros] (2022, 17 de septiembre). \u00abProyectos que promueven la inclusi\u00f3n de la perspectiva de g\u00e9nero\u00bb, charla invitada en\u00a0Trivulg@ando, evento sobre divulgaci\u00f3n de &hellip; <a href=\"https:\/\/gender-ict.net\/gestemi\/resultados\/jornadas-y-eventos-de-comunicacion-cientifica\/\" class=\"more-link\">Contin\u00faa leyendo <span class=\"screen-reader-text\">Jornadas y eventos de comunicaci\u00f3n cient\u00edfica<\/span><\/a><\/p>\n","protected":false},"author":2,"featured_media":3050,"parent":2900,"menu_order":0,"comment_status":"closed","ping_status":"closed","template":"","meta":{"_monsterinsights_skip_tracking":false,"_monsterinsights_sitenote_active":false,"_monsterinsights_sitenote_note":"","_monsterinsights_sitenote_category":0,"footnotes":""},"class_list":["post-3049","page","type-page","status-publish","has-post-thumbnail","hentry"],"_links":{"self":[{"href":"https:\/\/gender-ict.net\/gestemi\/wp-json\/wp\/v2\/pages\/3049","targetHints":{"allow":["GET"]}}],"collection":[{"href":"https:\/\/gender-ict.net\/gestemi\/wp-json\/wp\/v2\/pages"}],"about":[{"href":"https:\/\/gender-ict.net\/gestemi\/wp-json\/wp\/v2\/types\/page"}],"author":[{"embeddable":true,"href":"https:\/\/gender-ict.net\/gestemi\/wp-json\/wp\/v2\/users\/2"}],"replies":[{"embeddable":true,"href":"https:\/\/gender-ict.net\/gestemi\/wp-json\/wp\/v2\/comments?post=3049"}],"version-history":[{"count":17,"href":"https:\/\/gender-ict.net\/gestemi\/wp-json\/wp\/v2\/pages\/3049\/revisions"}],"predecessor-version":[{"id":3138,"href":"https:\/\/gender-ict.net\/gestemi\/wp-json\/wp\/v2\/pages\/3049\/revisions\/3138"}],"up":[{"embeddable":true,"href":"https:\/\/gender-ict.net\/gestemi\/wp-json\/wp\/v2\/pages\/2900"}],"wp:featuredmedia":[{"embeddable":true,"href":"https:\/\/gender-ict.net\/gestemi\/wp-json\/wp\/v2\/media\/3050"}],"wp:attachment":[{"href":"https:\/\/gender-ict.net\/gestemi\/wp-json\/wp\/v2\/media?parent=3049"}],"curies":[{"name":"wp","href":"https:\/\/api.w.org\/{rel}","templated":true}]}}