{"id":3046,"date":"2022-12-12T16:12:41","date_gmt":"2022-12-12T14:12:41","guid":{"rendered":"https:\/\/gender-ict.net\/gestemi\/?page_id=3046"},"modified":"2023-05-05T13:51:30","modified_gmt":"2023-05-05T11:51:30","slug":"comunicaciones-en-congresos","status":"publish","type":"page","link":"https:\/\/gender-ict.net\/gestemi\/resultados\/comunicaciones-en-congresos\/","title":{"rendered":"Comunicaciones en congresos"},"content":{"rendered":"<p style=\"margin: 0cm; margin-bottom: .0001pt; background: white; vertical-align: baseline;\"><strong><span lang=\"ES\" style=\"font-family: 'PT Sans',sans-serif; color: #303030;\">El equipo de investigaci\u00f3n de GESTEMI ha compartido los resultados del proyecto en diversos congresos dirigidos a la comunidad acad\u00e9mica e investigadora:<\/span><\/strong><\/p>\n<p>&nbsp;<\/p>\n<p>S\u00e1inz, M. [Milagros], F\u00e0bregues, S. [Sergi], Romano, M. J. [Mar\u00eda Jos\u00e9], L\u00f3pez, B. [Beatriz]. (2022, 6-8 d\u2019octubre).\u00a0<em>Intervenciones para fomentar las vocaciones cient\u00edficas y tecnol\u00f3gicas. Revisi\u00f3n de sus caracter\u00edsticas y eficacia<\/em>\u00a0[Ponencia].\u00a0<em>V Congreso Internacional de la Sociedad Cient\u00edfica Espa\u00f1ola y XVI Congreso Nacional de Psicolog\u00eda Social<\/em>. Mesa 18, Burgos, Espa\u00f1a. <a href=\"https:\/\/congreso2022.sceps.es\/programa\/\" target=\"_blank\" rel=\"noopener\">https:\/\/congreso2022.sceps.es\/programa\/<\/a><\/p>\n<p>S\u00e1inz, M. [Milagros], Romano, M. J. [Mar\u00eda Jos\u00e9], L\u00f3pez, B. [Beatriz]. (2022, 6-8 d\u2019octubre).\u00a0<em>Intervenci\u00f3n para cambiar los estereotipos sobre las personas que trabajan en ciencia mostrando las caracter\u00edsticas comunales de las tareas que desarrollan\u00a0<\/em>[Ponencia]. V Congreso Internacional de la Sociedad Cient\u00edfica Espa\u00f1ola de Psicolog\u00eda Social (SCEPS), Simposium 11, Burgos, Espa\u00f1a. <a href=\"https:\/\/congreso2022.sceps.es\/programa\/\" target=\"_blank\" rel=\"noopener\">https:\/\/congreso2022.sceps.es\/programa\/<\/a><\/p>\n<p>S\u00e1inz, M. [Milagros], F\u00e0bregues, S. [Sergi], Romano, M. J. [Mar\u00eda Jos\u00e9], L\u00f3pez, B. [Beatriz] (2022, 30 de junio-2 de julio).\u00a0<em>Scoping review de intervenciones para fomentar el inter\u00e9s de las j\u00f3venes en ciencia y tecnolog\u00eda (STEM)\u00a0<\/em>[Conferencia]. XIV Congreso Espa\u00f1ol de Sociolog\u00eda, Murcia, Espa\u00f1a. <a href=\"https:\/\/congreso2022.fes-sociologia.com\/\" target=\"_blank\" rel=\"noopener\">https:\/\/congreso2022.fes-sociologia.com\/<\/a><\/p>\n<p>S\u00e1inz, M. [Milagros] (2021, 15-17 de septiembre).\u00a0<em>Interventions conducted to increase girls\u2019 interest in STEM disciplines: similarities and differences<\/em>.\u00a0<a href=\"https:\/\/eventos.upm.es\/61269\/detail\/xi-european-conference-on-gender-equality-in-higher-education.html\" target=\"_blank\" rel=\"noopener\">XI European Conference on Gender Equality in Higher Education<\/a>, Madrid, Espa\u00f1a.\u00a0<a href=\"https:\/\/upm.genderequalityconference2020.com\/#content-5\" target=\"_blank\" rel=\"noopener\">https:\/\/upm.genderequalityconference2020.com\/#content-5<\/a><\/p>\n<p>S\u00e1inz, M. [Milagros] (2021, 15-17 de septiembre). Coordinaci\u00f3n del Symposium: Approaches to raise girls\u2019 engagement in STEM fields.\u00a0<a href=\"https:\/\/eventos.upm.es\/61269\/detail\/xi-european-conference-on-gender-equality-in-higher-education.html\" target=\"_blank\" rel=\"noopener\">XI European Conference on Gender Equality in Higher Education<\/a>, Madrid, Espa\u00f1a.\u00a0<a href=\"https:\/\/upm.genderequalityconference2020.com\/#content-5\" target=\"_blank\" rel=\"noopener\">https:\/\/upm.genderequalityconference2020.com\/#content-5<\/a><\/p>\n<p>S\u00e1inz, M [Milagros], F\u00e0bregues, S. [Sergi], &amp; Romano, M. J. [Mar\u00eda Jos\u00e9] (2020, 1-3 de octubre).\u00a0<em>Scoping Review de las intervenciones para fomentar vocaciones STEM en las j\u00f3venes\u00a0<\/em>[P\u00f3ster]. IV Congreso Internacional de la SCEPS y XV Congreso Nacional de Psicolog\u00eda Social, Burgos, Espa\u00f1a. <a href=\"https:\/\/congreso2020online.sceps.es\/programa\" target=\"_blank\" rel=\"noopener\">https:\/\/congreso2020online.sceps.es\/programa<\/a><\/p>\n<p>Mateos Cabo, R. [Ruth], G\u00f3nzalez P\u00e9rez, S. [Susana], &amp; S\u00e1inz Ib\u00e1\u00f1ez, M. [Milagros] (2020, 7-11 de agosto).\u00a0\u00a0<em>Girls in STEM: Is it a female role model thing?\u00a0<\/em>[Conferencia]. 80th Annual Meeting of the Academy of Management, Vancouver, BC, Canad\u00e1.\u00a0<a href=\"https:\/\/aom.org\/events\/event-calendar\/event-detail\/2020\/08\/07\/higher-logic-calendar\/80th-annual-meeting-of-the-academy-of-management\" target=\"_blank\" rel=\"noopener\">https:\/\/aom.org\/events\/event-calendar\/event-detail\/2020\/08\/07\/higher-logic-calendar\/80th-annual-meeting-of-the-academy-of-management<\/a><\/p>\n<p>Mateos de Cabo, R. [Ruth], G\u00f3nzalez P\u00e9rez, S. [Susana], &amp; S\u00e1inz Ib\u00e1\u00f1ez, M. [Milagros] (2020, 1-3 de octubre).\u00a0<em>Impacto del programa \u201cInspiring girls\u201d en las aspiraciones de las chicas\u00a0<\/em>[Conferencia]. IV Congreso Internacional de la SCEPS y XV Congreso Nacional de Psicolog\u00eda Social, Burgos, Espa\u00f1a. <a href=\"https:\/\/congreso2020online.sceps.es\/programa\" target=\"_blank\" rel=\"noopener\">https:\/\/congreso2020online.sceps.es\/programa<\/a><\/p>\n<p>S\u00e1inz, M. [Milagros], F\u00e0bregues, S. [Sergi], Meli\u00e1n, E. [Efrem], &amp; L\u00f3pez, B. [Beatriz] (2019, 24-26 de abril).\u00a0<em>Metaan\u00e1lisis sobre intervenciones para fomentar el inter\u00e9s de las chicas en STEM<\/em> [Conferencia]. 7th International Congress of Educational Sciences and Development, Granada, Espa\u00f1a. <a href=\"https:\/\/www.congresoeducacion.es\/edu_web7\/programacientifico.html\" target=\"_blank\" rel=\"noopener\">https:\/\/www.congresoeducacion.es\/edu_web7\/programacientifico.html<\/a><\/p>\n","protected":false},"excerpt":{"rendered":"<p>El equipo de investigaci\u00f3n de GESTEMI ha compartido los resultados del proyecto en diversos congresos dirigidos a la comunidad acad\u00e9mica e investigadora: &nbsp; S\u00e1inz, M. [Milagros], F\u00e0bregues, S. [Sergi], Romano, M. J. [Mar\u00eda Jos\u00e9], L\u00f3pez, B. [Beatriz]. (2022, 6-8 d\u2019octubre).\u00a0Intervenciones para fomentar las vocaciones cient\u00edficas y tecnol\u00f3gicas. Revisi\u00f3n de sus caracter\u00edsticas y eficacia\u00a0[Ponencia].\u00a0V Congreso Internacional &hellip; <a href=\"https:\/\/gender-ict.net\/gestemi\/resultados\/comunicaciones-en-congresos\/\" class=\"more-link\">Contin\u00faa leyendo <span class=\"screen-reader-text\">Comunicaciones en congresos<\/span><\/a><\/p>\n","protected":false},"author":2,"featured_media":3047,"parent":2900,"menu_order":0,"comment_status":"closed","ping_status":"closed","template":"","meta":{"_monsterinsights_skip_tracking":false,"_monsterinsights_sitenote_active":false,"_monsterinsights_sitenote_note":"","_monsterinsights_sitenote_category":0,"footnotes":""},"class_list":["post-3046","page","type-page","status-publish","has-post-thumbnail","hentry"],"_links":{"self":[{"href":"https:\/\/gender-ict.net\/gestemi\/wp-json\/wp\/v2\/pages\/3046","targetHints":{"allow":["GET"]}}],"collection":[{"href":"https:\/\/gender-ict.net\/gestemi\/wp-json\/wp\/v2\/pages"}],"about":[{"href":"https:\/\/gender-ict.net\/gestemi\/wp-json\/wp\/v2\/types\/page"}],"author":[{"embeddable":true,"href":"https:\/\/gender-ict.net\/gestemi\/wp-json\/wp\/v2\/users\/2"}],"replies":[{"embeddable":true,"href":"https:\/\/gender-ict.net\/gestemi\/wp-json\/wp\/v2\/comments?post=3046"}],"version-history":[{"count":14,"href":"https:\/\/gender-ict.net\/gestemi\/wp-json\/wp\/v2\/pages\/3046\/revisions"}],"predecessor-version":[{"id":3136,"href":"https:\/\/gender-ict.net\/gestemi\/wp-json\/wp\/v2\/pages\/3046\/revisions\/3136"}],"up":[{"embeddable":true,"href":"https:\/\/gender-ict.net\/gestemi\/wp-json\/wp\/v2\/pages\/2900"}],"wp:featuredmedia":[{"embeddable":true,"href":"https:\/\/gender-ict.net\/gestemi\/wp-json\/wp\/v2\/media\/3047"}],"wp:attachment":[{"href":"https:\/\/gender-ict.net\/gestemi\/wp-json\/wp\/v2\/media?parent=3046"}],"curies":[{"name":"wp","href":"https:\/\/api.w.org\/{rel}","templated":true}]}}